{"id":1051,"date":"2019-01-10T11:45:49","date_gmt":"2019-01-10T10:45:49","guid":{"rendered":"http:\/\/soswmyslenice.edu.pl\/new\/?page_id=1051"},"modified":"2025-10-21T15:15:30","modified_gmt":"2025-10-21T13:15:30","slug":"plany-postepowan","status":"publish","type":"page","link":"https:\/\/soswmyslenice.edu.pl\/new\/index.php\/plany-postepowan\/","title":{"rendered":"Plany post\u0119powa\u0144"},"content":{"rendered":"\n<hr class=\"wp-block-separator is-style-wide\"\/>\n\n\n\n<h1 class=\"wp-block-heading\">Plany post\u0119powa\u0144<\/h1>\n\n\n\n<hr class=\"wp-block-separator\"\/>\n\n\n\n<p>Aktualne plany postepowa\u0144 o udzielenie zam\u00f3wie\u0144 publicznych znajduj\u0105 si\u0119 na stronie <a href=\"https:\/\/bip.malopolska.pl\/sosmyslenicach,m,340382,plan-zamowien-publicznych.html\">BIP O\u015brodka<\/a><\/p>\n\n\n\n<hr class=\"wp-block-separator is-style-wide\"\/>\n\n\n\n<p>Plan postepowa\u0144 o udzielenie zam\u00f3wie\u0144 publicznych na rok 2023<\/p>\n\n\n\n<p>Plan postepowa\u0144 o udzielenie zam\u00f3wie\u0144 publicznych na rok 2023 znajduje si\u0119 pod adresem linku&nbsp;<a rel=\"noreferrer noopener\" href=\"https:\/\/ezamowienia.gov.pl\/mo-client-board\/bzp\/tender-details\/2023%2FBZP%2000026394%2F01%2FP\" target=\"_blank\">https:\/\/ezamowienia.gov.pl\/mo-client-board\/bzp\/tender-details\/2023%2FBZP%2000026394%2F01%2FP<\/a><\/p>\n\n\n\n<p>Aktualny plan postepowa\u0144 na rok 2023 znajduje si\u0119 pod adresem linku&nbsp;<a href=\"https:\/\/ezamowienia.gov.pl\/mo-client-board\/bzp\/tender-details\/2023%2FBZP%2000026394%2F02%2FP\">https:\/\/ezamowienia.gov.pl\/mo-client-board\/bzp\/tender-details\/2023%2FBZP%2000026394%2F02%2FP&nbsp;<\/a>\\<\/p>\n\n\n\n<hr class=\"wp-block-separator\"\/>\n\n\n\n<p>Plan postepowa\u0144 o udzielenie zam\u00f3wie\u0144 publicznych na rok 2022<\/p>\n\n\n\n<p>Plan postepowa\u0144 o udzielenie zam\u00f3wie\u0144 publicznych na rok 2022 znajduje si\u0119 pod adresem linku&nbsp;<a rel=\"noreferrer noopener\" href=\"https:\/\/ezamowienia.gov.pl\/mo-client-board\/bzp\/tender-details\/2023%2FBZP%2000026394%2F01%2FP\" target=\"_blank\">https:\/\/ezamowienia.gov.pl\/mo-client-board\/bzp\/tender-details\/2022%2FBZP%2000034462%2F01%2FP<\/a><\/p>\n\n\n\n<hr class=\"wp-block-separator\"\/>\n\n\n\n<div class=\"wp-block-group\"><div class=\"wp-block-group__inner-container is-layout-flow wp-block-group-is-layout-flow\">\n<div class=\"wp-block-file\"><a id=\"wp-block-file--media-7e9ce5b3-11c3-414b-b8a5-ea10d0993c97\" href=\"https:\/\/soswmyslenice.edu.pl\/new\/wp-content\/uploads\/2021\/01\/Plan-postepowan-o-udzielenie-zamowienia-2021.pdf\"><br>Plan post\u0119powa\u0144 o udzielenie zam\u00f3wienia na 2021 rok<\/a><a href=\"https:\/\/soswmyslenice.edu.pl\/new\/wp-content\/uploads\/2021\/01\/Plan-postepowan-o-udzielenie-zamowienia-2021.pdf\" class=\"wp-block-file__button\" download aria-describedby=\"wp-block-file--media-7e9ce5b3-11c3-414b-b8a5-ea10d0993c97\">Pobierz<\/a><\/div>\n<\/div><\/div>\n\n\n\n<div class=\"wp-block-group\"><div class=\"wp-block-group__inner-container is-layout-flow wp-block-group-is-layout-flow\">\n<div class=\"wp-block-file\"><a id=\"wp-block-file--media-e7e365d7-c68f-46a8-9199-534d4eaa86f5\" href=\"https:\/\/soswmyslenice.edu.pl\/new\/wp-content\/uploads\/2021\/01\/Plan-postepowan-o-udzielenie-zamowienia-2020.docx\">Plan post\u0119powa\u0144 o udzielenie zam\u00f3wienia na 2020 rok<\/a><a href=\"https:\/\/soswmyslenice.edu.pl\/new\/wp-content\/uploads\/2021\/01\/Plan-postepowan-o-udzielenie-zamowienia-2020.docx\" class=\"wp-block-file__button\" download aria-describedby=\"wp-block-file--media-e7e365d7-c68f-46a8-9199-534d4eaa86f5\">Pobierz<\/a><\/div>\n<\/div><\/div>\n\n\n\n<h5 class=\"wp-block-heading\"><a href=\"http:\/\/soswmyslenice.edu.pl\/new\/wp-content\/uploads\/2019\/01\/PlanPost\u0119powa\u0144-na-2019-r.-1.pdf\">Plan post\u0119powa\u0144 na udzielenie zam\u00f3wie\u0144 na 2019 r<\/a><\/h5>\n\n\n\n<h5 class=\"wp-block-heading\"><a href=\"http:\/\/soswmyslenice.edu.pl\/new\/wp-content\/uploads\/2019\/01\/Plan_post\u0119powa\u0144_o_udzielenie-zam\u00f3wie\u0144_na_2018_r..pdf\">Plan_post\u0119powa\u0144_o_udzielenie zam\u00f3wie\u0144_na_2018_r.<\/a><\/h5>\n\n\n\n<hr class=\"wp-block-separator is-style-wide\"\/>\n","protected":false},"excerpt":{"rendered":"<p>Plany post\u0119powa\u0144 Aktualne plany postepowa\u0144 o udzielenie zam\u00f3wie\u0144 publicznych znajduj\u0105 si\u0119 na stronie BIP O\u015brodka Plan postepowa\u0144 o udzielenie zam\u00f3wie\u0144 publicznych na rok 2023 Plan&hellip;<\/p>\n","protected":false},"author":3,"featured_media":0,"parent":0,"menu_order":0,"comment_status":"closed","ping_status":"closed","template":"","meta":{"footnotes":""},"class_list":["post-1051","page","type-page","status-publish","hentry"],"_links":{"self":[{"href":"https:\/\/soswmyslenice.edu.pl\/new\/index.php\/wp-json\/wp\/v2\/pages\/1051","targetHints":{"allow":["GET"]}}],"collection":[{"href":"https:\/\/soswmyslenice.edu.pl\/new\/index.php\/wp-json\/wp\/v2\/pages"}],"about":[{"href":"https:\/\/soswmyslenice.edu.pl\/new\/index.php\/wp-json\/wp\/v2\/types\/page"}],"author":[{"embeddable":true,"href":"https:\/\/soswmyslenice.edu.pl\/new\/index.php\/wp-json\/wp\/v2\/users\/3"}],"replies":[{"embeddable":true,"href":"https:\/\/soswmyslenice.edu.pl\/new\/index.php\/wp-json\/wp\/v2\/comments?post=1051"}],"version-history":[{"count":12,"href":"https:\/\/soswmyslenice.edu.pl\/new\/index.php\/wp-json\/wp\/v2\/pages\/1051\/revisions"}],"predecessor-version":[{"id":4667,"href":"https:\/\/soswmyslenice.edu.pl\/new\/index.php\/wp-json\/wp\/v2\/pages\/1051\/revisions\/4667"}],"wp:attachment":[{"href":"https:\/\/soswmyslenice.edu.pl\/new\/index.php\/wp-json\/wp\/v2\/media?parent=1051"}],"curies":[{"name":"wp","href":"https:\/\/api.w.org\/{rel}","templated":true}]}}