{"id":2418,"date":"2022-11-27T20:30:29","date_gmt":"2022-11-27T19:30:29","guid":{"rendered":"https:\/\/soswmyslenice.edu.pl\/new\/?page_id=2418"},"modified":"2025-09-22T18:37:03","modified_gmt":"2025-09-22T16:37:03","slug":"informacje","status":"publish","type":"page","link":"https:\/\/soswmyslenice.edu.pl\/new\/index.php\/informacje\/","title":{"rendered":"Informacje"},"content":{"rendered":"\n<hr class=\"wp-block-separator is-style-wide\"\/>\n\n\n\n<h2 class=\"wp-block-heading\">Kalendarz roku szkolnego 2025\/2026<\/h2>\n\n\n\n<p>Zimowa przerwa \u015bwi\u0105teczna: 22 &#8211; 31 grudnia 2025 r.<\/p>\n\n\n\n<p>Ferie zimowe: 2 lutego &#8211; 15 lutego 2026 r.<\/p>\n\n\n\n<p>Wiosenna przerwa \u015bwi\u0105teczna: 2 kwietnia &#8211; 7 kwietnia 2026 r.<\/p>\n\n\n\n<p>Zako\u0144czenie zaj\u0119\u0107 dydaktyczno-wychowawczych w szko\u0142ach: 26 czerwca 2026 r.<\/p>\n\n\n\n<p><strong>Wolne dni\u00a0w\u00a0roku szkolnym\u00a02025\/2026<\/strong><\/p>\n\n\n\n<ul class=\"wp-block-list\"><li>Dzie\u0144 Edukacji Narodowej \u2013 14 pa\u017adziernika 2025 (wtorek)<\/li><li>Narodowe \u015awi\u0119to Niepodleg\u0142o\u015bci \u2013 11 listopada 2025 (wtorek)<\/li><li>Nowy Rok \u2013 1 stycznia 2026 (czwartek)<\/li><li>\u015awi\u0119to Trzech Kr\u00f3li &#8211; 6 stycznia 2026 (wtorek)<\/li><li>\u015awi\u0119to Pracy \u2013 1 maja 2026 (pi\u0105tek)<\/li><li>Bo\u017ce Cia\u0142o \u2013 4 czerwca 2026 (czwartek)<\/li><\/ul>\n\n\n\n<p>Dodatkowe dni wolne od zaj\u0119\u0107 edukacyjnych: <\/p>\n\n\n\n<p>10 listopada 2025 r. (poniedzia\u0142ek)<\/p>\n\n\n\n<p>13 pa\u017adziernika 2025 r. (poniedzia\u0142ek)<\/p>\n\n\n\n<p>2 stycznia 2026 r. (pi\u0105tek)<\/p>\n\n\n\n<p>5 stycznia 2026 r. (poniedzia\u0142ek)<\/p>\n\n\n\n<p>5 czerwca 2025 r. (pi\u0105tek)<\/p>\n\n\n\n<hr class=\"wp-block-separator\"\/>\n\n\n\n<h2 class=\"wp-block-heading\">Opieka stomatologiczna dla uczni\u00f3w Specjalnego O\u015brodka Szkolno &#8211; Wychowawczego w My\u015blenicach <\/h2>\n\n\n\n<div class=\"wp-block-image\"><figure class=\"aligncenter size-large is-resized\"><img loading=\"lazy\" decoding=\"async\" src=\"https:\/\/soswmyslenice.edu.pl\/new\/wp-content\/uploads\/2023\/10\/Blue-and-White-3D-Modern-Illustrated-Good-Oral-Hygiene-Medical-Dentist-Education-Presentation-1024x576.png\" alt=\"na granatowym tle posta\u0107 dentysty i bia\u0142y z\u0105b\" class=\"wp-image-2572\" width=\"476\" height=\"267\" srcset=\"https:\/\/soswmyslenice.edu.pl\/new\/wp-content\/uploads\/2023\/10\/Blue-and-White-3D-Modern-Illustrated-Good-Oral-Hygiene-Medical-Dentist-Education-Presentation-1024x576.png 1024w, https:\/\/soswmyslenice.edu.pl\/new\/wp-content\/uploads\/2023\/10\/Blue-and-White-3D-Modern-Illustrated-Good-Oral-Hygiene-Medical-Dentist-Education-Presentation-300x169.png 300w, https:\/\/soswmyslenice.edu.pl\/new\/wp-content\/uploads\/2023\/10\/Blue-and-White-3D-Modern-Illustrated-Good-Oral-Hygiene-Medical-Dentist-Education-Presentation-768x432.png 768w, https:\/\/soswmyslenice.edu.pl\/new\/wp-content\/uploads\/2023\/10\/Blue-and-White-3D-Modern-Illustrated-Good-Oral-Hygiene-Medical-Dentist-Education-Presentation-1536x864.png 1536w, https:\/\/soswmyslenice.edu.pl\/new\/wp-content\/uploads\/2023\/10\/Blue-and-White-3D-Modern-Illustrated-Good-Oral-Hygiene-Medical-Dentist-Education-Presentation.png 1920w\" sizes=\"auto, (max-width: 476px) 100vw, 476px\" \/><\/figure><\/div>\n\n\n\n<p>Opieka stomatologiczna nad uczniami Specjalnego O\u015brodka Szkolno &#8211; Wychowawczego w My\u015blenicach, sprawowana jest przez <strong>NZOZ \u201eOPTIMADENT\u201d s.c. Krzysztof \u015awi\u0119ch, Halina \u015awi\u0119ch 32-400 My\u015blenice ul. Niepodleg\u0142o\u015bci 38.<\/strong><\/p>\n\n\n\n<p>Lekarz dentysta sprawuj\u0105cy opiek\u0119 stomatologiczn\u0105 nad uczniami wykonuje:<\/p>\n\n\n\n<p>&#8211; \u015bwiadczenia og\u00f3lnostomatologiczne dla dzieci i m\u0142odzie\u017cy do uko\u0144czenia 18 roku \u017cycia<\/p>\n\n\n\n<p>&#8211; profilaktyczne \u015bwiadczenia stomatologiczne dla dzieci i m\u0142odzie\u017cy do uko\u0144czenia 19 roku \u017cycia okre\u015blane &nbsp;w rozporz\u0105dzeniu o kt\u00f3rym mowa w ust. 1, z wy\u0142\u0105czeniem \u015bwiadcze\u0144 ortodoncji<\/p>\n\n\n\n<p>W przypadku braku mo\u017cliwo\u015bci przyj\u0119cia pacjenta b\u00f3lowego w dniu zg\u0142oszenia pacjent zostanie skierowany na wizyt\u0119 do Pierwszej Pomocy Stomatologicznej w Trzebuni lub do innego gabinetu wskazanego przez NFZ. Pacjent ka\u017cdorazowo przybywa na wizyt\u0119 z rodzicem lub opiekunem prawnym. &nbsp;<\/p>\n\n\n\n<p><strong>Godziny pracy lekarzy w ramach NFZ \u2013 konieczna wcze\u015bniejsza rezerwacja<\/strong><\/p>\n\n\n\n<p>Poniedzia\u0142ek 12:00-18:00<\/p>\n\n\n\n<p>Wtorek 8:00-12:30 oraz 16:30-18:00<\/p>\n\n\n\n<p>\u015aroda 8:00 \u2013 14:00<\/p>\n\n\n\n<p>Czwartek 8:00-14:00<\/p>\n\n\n\n<p>Pi\u0105tek 8:00 -14:00<\/p>\n\n\n\n<p>W innych godzinach istnieje mo\u017cliwo\u015b\u0107 przyj\u0119cia w ramach NFZ, termin nale\u017cy ustali\u0107 osobi\u015bcie lub telefonicznie pod nr telefonu <strong>12&nbsp;272 00 85<\/strong><\/p>\n","protected":false},"excerpt":{"rendered":"<p>Kalendarz roku szkolnego 2025\/2026 Zimowa przerwa \u015bwi\u0105teczna: 22 &#8211; 31 grudnia 2025 r. Ferie zimowe: 2 lutego &#8211; 15 lutego 2026 r. Wiosenna przerwa \u015bwi\u0105teczna:&hellip;<\/p>\n","protected":false},"author":3,"featured_media":0,"parent":0,"menu_order":0,"comment_status":"closed","ping_status":"closed","template":"","meta":{"footnotes":""},"class_list":["post-2418","page","type-page","status-publish","hentry"],"_links":{"self":[{"href":"https:\/\/soswmyslenice.edu.pl\/new\/index.php\/wp-json\/wp\/v2\/pages\/2418","targetHints":{"allow":["GET"]}}],"collection":[{"href":"https:\/\/soswmyslenice.edu.pl\/new\/index.php\/wp-json\/wp\/v2\/pages"}],"about":[{"href":"https:\/\/soswmyslenice.edu.pl\/new\/index.php\/wp-json\/wp\/v2\/types\/page"}],"author":[{"embeddable":true,"href":"https:\/\/soswmyslenice.edu.pl\/new\/index.php\/wp-json\/wp\/v2\/users\/3"}],"replies":[{"embeddable":true,"href":"https:\/\/soswmyslenice.edu.pl\/new\/index.php\/wp-json\/wp\/v2\/comments?post=2418"}],"version-history":[{"count":15,"href":"https:\/\/soswmyslenice.edu.pl\/new\/index.php\/wp-json\/wp\/v2\/pages\/2418\/revisions"}],"predecessor-version":[{"id":4570,"href":"https:\/\/soswmyslenice.edu.pl\/new\/index.php\/wp-json\/wp\/v2\/pages\/2418\/revisions\/4570"}],"wp:attachment":[{"href":"https:\/\/soswmyslenice.edu.pl\/new\/index.php\/wp-json\/wp\/v2\/media?parent=2418"}],"curies":[{"name":"wp","href":"https:\/\/api.w.org\/{rel}","templated":true}]}}

<hr class="wp-block-separator is-style-wide"/>



<h2 class="wp-block-heading">Kalendarz roku szkolnego 2025/2026</h2>



<p>Zimowa przerwa świąteczna: 22 &#8211; 31 grudnia 2025 r.</p>



<p>Ferie zimowe: 2 lutego &#8211; 15 lutego 2026 r.</p>



<p>Wiosenna przerwa świąteczna: 2 kwietnia &#8211; 7 kwietnia 2026 r.</p>



<p>Zakończenie zajęć dydaktyczno-wychowawczych w szkołach: 26 czerwca 2026 r.</p>



<p><strong>Wolne dni w roku szkolnym 2025/2026</strong></p>



<ul class="wp-block-list"><li>Dzień Edukacji Narodowej – 14 października 2025 (wtorek)</li><li>Narodowe Święto Niepodległości – 11 listopada 2025 (wtorek)</li><li>Nowy Rok – 1 stycznia 2026 (czwartek)</li><li>Święto Trzech Króli &#8211; 6 stycznia 2026 (wtorek)</li><li>Święto Pracy – 1 maja 2026 (piątek)</li><li>Boże Ciało – 4 czerwca 2026 (czwartek)</li></ul>



<p>Dodatkowe dni wolne od zajęć edukacyjnych: </p>



<p>10 listopada 2025 r. (poniedziałek)</p>



<p>13 października 2025 r. (poniedziałek)</p>



<p>2 stycznia 2026 r. (piątek)</p>



<p>5 stycznia 2026 r. (poniedziałek)</p>



<p>5 czerwca 2025 r. (piątek)</p>



<hr class="wp-block-separator"/>



<h2 class="wp-block-heading">Opieka stomatologiczna dla uczniów Specjalnego Ośrodka Szkolno &#8211; Wychowawczego w Myślenicach </h2>



<div class="wp-block-image"><figure class="aligncenter size-large is-resized"><img loading="lazy" decoding="async" src="https://soswmyslenice.edu.pl/new/wp-content/uploads/2023/10/Blue-and-White-3D-Modern-Illustrated-Good-Oral-Hygiene-Medical-Dentist-Education-Presentation-1024x576.png" alt="na granatowym tle postać dentysty i biały ząb" class="wp-image-2572" width="476" height="267" srcset="https://soswmyslenice.edu.pl/new/wp-content/uploads/2023/10/Blue-and-White-3D-Modern-Illustrated-Good-Oral-Hygiene-Medical-Dentist-Education-Presentation-1024x576.png 1024w, https://soswmyslenice.edu.pl/new/wp-content/uploads/2023/10/Blue-and-White-3D-Modern-Illustrated-Good-Oral-Hygiene-Medical-Dentist-Education-Presentation-300x169.png 300w, https://soswmyslenice.edu.pl/new/wp-content/uploads/2023/10/Blue-and-White-3D-Modern-Illustrated-Good-Oral-Hygiene-Medical-Dentist-Education-Presentation-768x432.png 768w, https://soswmyslenice.edu.pl/new/wp-content/uploads/2023/10/Blue-and-White-3D-Modern-Illustrated-Good-Oral-Hygiene-Medical-Dentist-Education-Presentation-1536x864.png 1536w, https://soswmyslenice.edu.pl/new/wp-content/uploads/2023/10/Blue-and-White-3D-Modern-Illustrated-Good-Oral-Hygiene-Medical-Dentist-Education-Presentation.png 1920w" sizes="auto, (max-width: 476px) 100vw, 476px" /></figure></div>



<p>Opieka stomatologiczna nad uczniami Specjalnego Ośrodka Szkolno &#8211; Wychowawczego w Myślenicach, sprawowana jest przez <strong>NZOZ „OPTIMADENT” s.c. Krzysztof Święch, Halina Święch 32-400 Myślenice ul. Niepodległości 38.</strong></p>



<p>Lekarz dentysta sprawujący opiekę stomatologiczną nad uczniami wykonuje:</p>



<p>&#8211; świadczenia ogólnostomatologiczne dla dzieci i młodzieży do ukończenia 18 roku życia</p>



<p>&#8211; profilaktyczne świadczenia stomatologiczne dla dzieci i młodzieży do ukończenia 19 roku życia określane &nbsp;w rozporządzeniu o którym mowa w ust. 1, z wyłączeniem świadczeń ortodoncji</p>



<p>W przypadku braku możliwości przyjęcia pacjenta bólowego w dniu zgłoszenia pacjent zostanie skierowany na wizytę do Pierwszej Pomocy Stomatologicznej w Trzebuni lub do innego gabinetu wskazanego przez NFZ. Pacjent każdorazowo przybywa na wizytę z rodzicem lub opiekunem prawnym. &nbsp;</p>



<p><strong>Godziny pracy lekarzy w ramach NFZ – konieczna wcześniejsza rezerwacja</strong></p>



<p>Poniedziałek 12:00-18:00</p>



<p>Wtorek 8:00-12:30 oraz 16:30-18:00</p>



<p>Środa 8:00 – 14:00</p>



<p>Czwartek 8:00-14:00</p>



<p>Piątek 8:00 -14:00</p>



<p>W innych godzinach istnieje możliwość przyjęcia w ramach NFZ, termin należy ustalić osobiście lub telefonicznie pod nr telefonu <strong>12&nbsp;272 00 85</strong></p>

<p>Kalendarz roku szkolnego 2025/2026 Zimowa przerwa świąteczna: 22 &#8211; 31 grudnia 2025 r. Ferie zimowe: 2 lutego &#8211; 15 lutego 2026 r. Wiosenna przerwa świąteczna:&hellip;</p>
