{"id":31,"date":"2018-11-17T10:48:31","date_gmt":"2018-11-17T09:48:31","guid":{"rendered":"http:\/\/soswmyslenice.edu.pl\/new\/?page_id=31"},"modified":"2024-11-14T10:50:59","modified_gmt":"2024-11-14T09:50:59","slug":"fundacja","status":"publish","type":"page","link":"https:\/\/soswmyslenice.edu.pl\/new\/index.php\/osrodek\/fundacja\/","title":{"rendered":"Fundacja"},"content":{"rendered":"\n<h1 class=\"has-text-align-center has-large-font-size wp-block-heading\">Fundacja <br>&#8222;Pomoc Dzieciom Specjalnej Troski w My\u015blenicach&#8221;<\/h1>\n\n\n\n<h4 class=\"has-text-align-center has-medium-font-size wp-block-heading\" style=\"font-style:normal;font-weight:500\">wspiera rodziny niepe\u0142nosprawnych uczni\u00f3w<br> Specjalnego O\u015brodka Szkolno \u2013 Wychowawczego w My\u015blenicach znajduj\u0105cych si\u0119 w trudnej sytuacji materialnej poprzez przyznawanie stypendi\u00f3w na \u017cywienie.<\/h4>\n\n\n\n<figure class=\"wp-block-pullquote\"><blockquote><p>Ka\u017cda osoba mo\u017ce przekaza\u0107 1,5% podatku dochodowego od os\u00f3b fizycznych na rzecz organizacji po\u017cytku publicznego<\/p><p><strong>KRS 0000022559<\/strong><\/p><\/blockquote><\/figure>\n\n\n\n<h4 class=\"has-text-align-center wp-block-heading\">Fundacja udzieli\u0142a wsparcia finansowego uczniom Specjalnego O\u015brodka Szkolno-Wychowawczego w My\u015blenicach, realizuj\u0105c kilka istotnych inicjatyw. Dzi\u0119ki dofinansowaniu w wysoko\u015bci 10 000 z\u0142 mo\u017cliwe by\u0142o  zorganizowanie dla uczni\u00f3w dw\u00f3ch wycieczek: jednodniowej do Czernichowa oraz dwudniowej do Wroc\u0142awia. W ramach wsparcia fundacja zakupi\u0142a r\u00f3wnie\u017c dwa monitory interaktywne o \u0142\u0105cznej warto\u015bci ponad 12 000 z\u0142, kt\u00f3re wzbogac\u0105 zasoby dydaktyczne O\u015brodka i u\u0142atwi\u0105 proces edukacji uczni\u00f3w, pozwalaj\u0105c im na korzystanie z nowoczesnych technologii. <\/h4>\n\n\n\n<h4 class=\"has-text-align-center wp-block-heading\">Fundacja poprzez te dzia\u0142ania przyczynia si\u0119 do zwi\u0119kszenia dost\u0119pu uczni\u00f3w do nauki i atrakcyjnych form edukacji, wspieraj\u0105c ich rozw\u00f3j i integracj\u0119 spo\u0142eczn\u0105.<\/h4>\n\n\n\n<div class=\"wp-block-columns is-layout-flex wp-container-core-columns-is-layout-9d6595d7 wp-block-columns-is-layout-flex\">\n<div class=\"wp-block-column is-layout-flow wp-block-column-is-layout-flow\" style=\"flex-basis:100%\">\n<div class=\"wp-block-columns is-layout-flex wp-container-core-columns-is-layout-9d6595d7 wp-block-columns-is-layout-flex\">\n<div class=\"wp-block-column is-layout-flow wp-block-column-is-layout-flow\">\n<figure class=\"wp-block-image size-large\"><img loading=\"lazy\" decoding=\"async\" width=\"1024\" height=\"515\" src=\"https:\/\/soswmyslenice.edu.pl\/new\/wp-content\/uploads\/2024\/11\/f4224260-23d4-40e3-b375-bcbe3d0a0cc1-1024x515.jpg\" alt=\"Uczniowie siedza w \u0142awkach, jeden ucze\u0144 stoi przy monitorze interraktywnym\" class=\"wp-image-3837\" srcset=\"https:\/\/soswmyslenice.edu.pl\/new\/wp-content\/uploads\/2024\/11\/f4224260-23d4-40e3-b375-bcbe3d0a0cc1-1024x515.jpg 1024w, https:\/\/soswmyslenice.edu.pl\/new\/wp-content\/uploads\/2024\/11\/f4224260-23d4-40e3-b375-bcbe3d0a0cc1-300x151.jpg 300w, https:\/\/soswmyslenice.edu.pl\/new\/wp-content\/uploads\/2024\/11\/f4224260-23d4-40e3-b375-bcbe3d0a0cc1-768x386.jpg 768w, https:\/\/soswmyslenice.edu.pl\/new\/wp-content\/uploads\/2024\/11\/f4224260-23d4-40e3-b375-bcbe3d0a0cc1-1536x772.jpg 1536w, https:\/\/soswmyslenice.edu.pl\/new\/wp-content\/uploads\/2024\/11\/f4224260-23d4-40e3-b375-bcbe3d0a0cc1.jpg 2048w\" sizes=\"auto, (max-width: 1024px) 100vw, 1024px\" \/><\/figure>\n<\/div>\n\n\n\n<div class=\"wp-block-column is-layout-flow wp-block-column-is-layout-flow\">\n<figure class=\"wp-block-image size-large\"><img loading=\"lazy\" decoding=\"async\" width=\"1024\" height=\"473\" src=\"https:\/\/soswmyslenice.edu.pl\/new\/wp-content\/uploads\/2024\/11\/531d7efb-8207-4e72-a16b-5acd3d793f41-1-1024x473.jpg\" alt=\"dzieci siedza w \u0142awkach i przepisuj\u0105 tekst z monitora\" class=\"wp-image-3838\" srcset=\"https:\/\/soswmyslenice.edu.pl\/new\/wp-content\/uploads\/2024\/11\/531d7efb-8207-4e72-a16b-5acd3d793f41-1-1024x473.jpg 1024w, https:\/\/soswmyslenice.edu.pl\/new\/wp-content\/uploads\/2024\/11\/531d7efb-8207-4e72-a16b-5acd3d793f41-1-300x139.jpg 300w, https:\/\/soswmyslenice.edu.pl\/new\/wp-content\/uploads\/2024\/11\/531d7efb-8207-4e72-a16b-5acd3d793f41-1-768x355.jpg 768w, https:\/\/soswmyslenice.edu.pl\/new\/wp-content\/uploads\/2024\/11\/531d7efb-8207-4e72-a16b-5acd3d793f41-1-1536x710.jpg 1536w, https:\/\/soswmyslenice.edu.pl\/new\/wp-content\/uploads\/2024\/11\/531d7efb-8207-4e72-a16b-5acd3d793f41-1.jpg 2048w\" sizes=\"auto, (max-width: 1024px) 100vw, 1024px\" \/><\/figure>\n<\/div>\n<\/div>\n<\/div>\n<\/div>\n\n\n\n<div class=\"wp-block-media-text alignwide is-stacked-on-mobile\"><figure class=\"wp-block-media-text__media\"><img loading=\"lazy\" decoding=\"async\" width=\"1024\" height=\"432\" src=\"https:\/\/soswmyslenice.edu.pl\/new\/wp-content\/uploads\/2024\/11\/1920x810-1024x432.png\" alt=\"\" class=\"wp-image-3822 size-full\" srcset=\"https:\/\/soswmyslenice.edu.pl\/new\/wp-content\/uploads\/2024\/11\/1920x810-1024x432.png 1024w, https:\/\/soswmyslenice.edu.pl\/new\/wp-content\/uploads\/2024\/11\/1920x810-300x127.png 300w, https:\/\/soswmyslenice.edu.pl\/new\/wp-content\/uploads\/2024\/11\/1920x810-768x324.png 768w, https:\/\/soswmyslenice.edu.pl\/new\/wp-content\/uploads\/2024\/11\/1920x810-1536x648.png 1536w, https:\/\/soswmyslenice.edu.pl\/new\/wp-content\/uploads\/2024\/11\/1920x810.png 1920w\" sizes=\"auto, (max-width: 1024px) 100vw, 1024px\" \/><\/figure><div class=\"wp-block-media-text__content\">\n<p class=\"has-normal-font-size\">Pragniemy serdecznie podzi\u0119kowa\u0107 wszystkim naszym Darczy\u0144com, kt\u00f3rzy przekazali 1,5 % podatku na rzecz <strong>Fundacji \u201ePomoc Dzieciom Specjalnej Troski\u201d<\/strong> dzia\u0142aj\u0105cej przy Specjalnym O\u015brodku Szkolno-Wychowawczym w My\u015blenicach ul. 3-go Maja 97b.<\/p>\n\n\n\n<p>Jeste\u015bmy bardzo dumni z tak du\u017cej liczby przyjaci\u00f3\u0142, kt\u00f3rzy chc\u0105 pom\u00f3c niepe\u0142nosprawnym dzieciom i m\u0142odzie\u017cy. Dzi\u0119ki zebranym pieni\u0105dzom mo\u017cemy wspiera\u0107 rodziny uczni\u00f3w znajduj\u0105cych si\u0119 w trudnej sytuacji materialnej poprzez przyznawanie stypendi\u00f3w na \u017cywienie uczni\u00f3w w szko\u0142ach O\u015brodka. Fundacja prowadzi swoj\u0105 dzia\u0142alno\u015b\u0107 spo\u0142ecznie bez \u017cadnego wynagrodzenia.<\/p>\n\n\n\n<p>Dzi\u0119kuj\u0105c Wam za pomoc, chcemy jednocze\u015bnie prosi\u0107 o to, aby\u015bcie zostali z nami przez kolejne lata. Jest Was sporo, a wierzymy, \u017ce b\u0119dzie Was wi\u0119cej, bo potrzeby s\u0105 du\u017ce i wcale si\u0119 nie zmniejszaj\u0105.<\/p>\n\n\n\n<p class=\"has-text-align-right\">Zarz\u0105d Fundacji<\/p>\n<\/div><\/div>\n\n\n\n<h3 class=\"has-text-align-center wp-block-heading\"><strong>FUNDACJA &#8222;POMOC DZIECIOM SPECJALNEJ TROSKI&#8221; W MY\u015aLENICACH<\/strong><br><strong>32-400 MY\u015aLENICE ul. 3-go MAJA 97 b<\/strong><\/h3>\n\n\n\n<h3 class=\"wp-block-heading\">Konto bankowe&nbsp;<br><strong>Bank Sp\u00f3\u0142dzielczy Wieliczka O\/My\u015blenice&nbsp;<\/strong><br><strong>Nr: 62 8619 0006 0020 0000 1300 0001<\/strong><\/h3>\n\n\n\n<p> <\/p>\n","protected":false},"excerpt":{"rendered":"<p>Fundacja &#8222;Pomoc Dzieciom Specjalnej Troski w My\u015blenicach&#8221; wspiera rodziny niepe\u0142nosprawnych uczni\u00f3w Specjalnego O\u015brodka Szkolno \u2013 Wychowawczego w My\u015blenicach znajduj\u0105cych si\u0119 w trudnej sytuacji materialnej poprzez&hellip;<\/p>\n","protected":false},"author":2,"featured_media":0,"parent":22,"menu_order":0,"comment_status":"closed","ping_status":"closed","template":"","meta":{"footnotes":""},"class_list":["post-31","page","type-page","status-publish","hentry"],"_links":{"self":[{"href":"https:\/\/soswmyslenice.edu.pl\/new\/index.php\/wp-json\/wp\/v2\/pages\/31","targetHints":{"allow":["GET"]}}],"collection":[{"href":"https:\/\/soswmyslenice.edu.pl\/new\/index.php\/wp-json\/wp\/v2\/pages"}],"about":[{"href":"https:\/\/soswmyslenice.edu.pl\/new\/index.php\/wp-json\/wp\/v2\/types\/page"}],"author":[{"embeddable":true,"href":"https:\/\/soswmyslenice.edu.pl\/new\/index.php\/wp-json\/wp\/v2\/users\/2"}],"replies":[{"embeddable":true,"href":"https:\/\/soswmyslenice.edu.pl\/new\/index.php\/wp-json\/wp\/v2\/comments?post=31"}],"version-history":[{"count":12,"href":"https:\/\/soswmyslenice.edu.pl\/new\/index.php\/wp-json\/wp\/v2\/pages\/31\/revisions"}],"predecessor-version":[{"id":3840,"href":"https:\/\/soswmyslenice.edu.pl\/new\/index.php\/wp-json\/wp\/v2\/pages\/31\/revisions\/3840"}],"up":[{"embeddable":true,"href":"https:\/\/soswmyslenice.edu.pl\/new\/index.php\/wp-json\/wp\/v2\/pages\/22"}],"wp:attachment":[{"href":"https:\/\/soswmyslenice.edu.pl\/new\/index.php\/wp-json\/wp\/v2\/media?parent=31"}],"curies":[{"name":"wp","href":"https:\/\/api.w.org\/{rel}","templated":true}]}}

<h1 class="has-text-align-center has-large-font-size wp-block-heading">Fundacja <br>&#8222;Pomoc Dzieciom Specjalnej Troski w Myślenicach&#8221;</h1>



<h4 class="has-text-align-center has-medium-font-size wp-block-heading" style="font-style:normal;font-weight:500">wspiera rodziny niepełnosprawnych uczniów<br> Specjalnego Ośrodka Szkolno – Wychowawczego w Myślenicach znajdujących się w trudnej sytuacji materialnej poprzez przyznawanie stypendiów na żywienie.</h4>



<figure class="wp-block-pullquote"><blockquote><p>Każda osoba może przekazać 1,5% podatku dochodowego od osób fizycznych na rzecz organizacji pożytku publicznego</p><p><strong>KRS 0000022559</strong></p></blockquote></figure>



<h4 class="has-text-align-center wp-block-heading">Fundacja udzieliła wsparcia finansowego uczniom Specjalnego Ośrodka Szkolno-Wychowawczego w Myślenicach, realizując kilka istotnych inicjatyw. Dzięki dofinansowaniu w wysokości 10 000 zł możliwe było  zorganizowanie dla uczniów dwóch wycieczek: jednodniowej do Czernichowa oraz dwudniowej do Wrocławia. W ramach wsparcia fundacja zakupiła również dwa monitory interaktywne o łącznej wartości ponad 12 000 zł, które wzbogacą zasoby dydaktyczne Ośrodka i ułatwią proces edukacji uczniów, pozwalając im na korzystanie z nowoczesnych technologii. </h4>



<h4 class="has-text-align-center wp-block-heading">Fundacja poprzez te działania przyczynia się do zwiększenia dostępu uczniów do nauki i atrakcyjnych form edukacji, wspierając ich rozwój i integrację społeczną.</h4>



<div class="wp-block-columns is-layout-flex wp-container-core-columns-is-layout-9d6595d7 wp-block-columns-is-layout-flex">
<div class="wp-block-column is-layout-flow wp-block-column-is-layout-flow" style="flex-basis:100%">
<div class="wp-block-columns is-layout-flex wp-container-core-columns-is-layout-9d6595d7 wp-block-columns-is-layout-flex">
<div class="wp-block-column is-layout-flow wp-block-column-is-layout-flow">
<figure class="wp-block-image size-large"><img loading="lazy" decoding="async" width="1024" height="515" src="https://soswmyslenice.edu.pl/new/wp-content/uploads/2024/11/f4224260-23d4-40e3-b375-bcbe3d0a0cc1-1024x515.jpg" alt="Uczniowie siedza w ławkach, jeden uczeń stoi przy monitorze interraktywnym" class="wp-image-3837" srcset="https://soswmyslenice.edu.pl/new/wp-content/uploads/2024/11/f4224260-23d4-40e3-b375-bcbe3d0a0cc1-1024x515.jpg 1024w, https://soswmyslenice.edu.pl/new/wp-content/uploads/2024/11/f4224260-23d4-40e3-b375-bcbe3d0a0cc1-300x151.jpg 300w, https://soswmyslenice.edu.pl/new/wp-content/uploads/2024/11/f4224260-23d4-40e3-b375-bcbe3d0a0cc1-768x386.jpg 768w, https://soswmyslenice.edu.pl/new/wp-content/uploads/2024/11/f4224260-23d4-40e3-b375-bcbe3d0a0cc1-1536x772.jpg 1536w, https://soswmyslenice.edu.pl/new/wp-content/uploads/2024/11/f4224260-23d4-40e3-b375-bcbe3d0a0cc1.jpg 2048w" sizes="auto, (max-width: 1024px) 100vw, 1024px" /></figure>
</div>



<div class="wp-block-column is-layout-flow wp-block-column-is-layout-flow">
<figure class="wp-block-image size-large"><img loading="lazy" decoding="async" width="1024" height="473" src="https://soswmyslenice.edu.pl/new/wp-content/uploads/2024/11/531d7efb-8207-4e72-a16b-5acd3d793f41-1-1024x473.jpg" alt="dzieci siedza w ławkach i przepisują tekst z monitora" class="wp-image-3838" srcset="https://soswmyslenice.edu.pl/new/wp-content/uploads/2024/11/531d7efb-8207-4e72-a16b-5acd3d793f41-1-1024x473.jpg 1024w, https://soswmyslenice.edu.pl/new/wp-content/uploads/2024/11/531d7efb-8207-4e72-a16b-5acd3d793f41-1-300x139.jpg 300w, https://soswmyslenice.edu.pl/new/wp-content/uploads/2024/11/531d7efb-8207-4e72-a16b-5acd3d793f41-1-768x355.jpg 768w, https://soswmyslenice.edu.pl/new/wp-content/uploads/2024/11/531d7efb-8207-4e72-a16b-5acd3d793f41-1-1536x710.jpg 1536w, https://soswmyslenice.edu.pl/new/wp-content/uploads/2024/11/531d7efb-8207-4e72-a16b-5acd3d793f41-1.jpg 2048w" sizes="auto, (max-width: 1024px) 100vw, 1024px" /></figure>
</div>
</div>
</div>
</div>



<div class="wp-block-media-text alignwide is-stacked-on-mobile"><figure class="wp-block-media-text__media"><img loading="lazy" decoding="async" width="1024" height="432" src="https://soswmyslenice.edu.pl/new/wp-content/uploads/2024/11/1920x810-1024x432.png" alt="" class="wp-image-3822 size-full" srcset="https://soswmyslenice.edu.pl/new/wp-content/uploads/2024/11/1920x810-1024x432.png 1024w, https://soswmyslenice.edu.pl/new/wp-content/uploads/2024/11/1920x810-300x127.png 300w, https://soswmyslenice.edu.pl/new/wp-content/uploads/2024/11/1920x810-768x324.png 768w, https://soswmyslenice.edu.pl/new/wp-content/uploads/2024/11/1920x810-1536x648.png 1536w, https://soswmyslenice.edu.pl/new/wp-content/uploads/2024/11/1920x810.png 1920w" sizes="auto, (max-width: 1024px) 100vw, 1024px" /></figure><div class="wp-block-media-text__content">
<p class="has-normal-font-size">Pragniemy serdecznie podziękować wszystkim naszym Darczyńcom, którzy przekazali 1,5 % podatku na rzecz <strong>Fundacji „Pomoc Dzieciom Specjalnej Troski”</strong> działającej przy Specjalnym Ośrodku Szkolno-Wychowawczym w Myślenicach ul. 3-go Maja 97b.</p>



<p>Jesteśmy bardzo dumni z tak dużej liczby przyjaciół, którzy chcą pomóc niepełnosprawnym dzieciom i młodzieży. Dzięki zebranym pieniądzom możemy wspierać rodziny uczniów znajdujących się w trudnej sytuacji materialnej poprzez przyznawanie stypendiów na żywienie uczniów w szkołach Ośrodka. Fundacja prowadzi swoją działalność społecznie bez żadnego wynagrodzenia.</p>



<p>Dziękując Wam za pomoc, chcemy jednocześnie prosić o to, abyście zostali z nami przez kolejne lata. Jest Was sporo, a wierzymy, że będzie Was więcej, bo potrzeby są duże i wcale się nie zmniejszają.</p>



<p class="has-text-align-right">Zarząd Fundacji</p>
</div></div>



<h3 class="has-text-align-center wp-block-heading"><strong>FUNDACJA &#8222;POMOC DZIECIOM SPECJALNEJ TROSKI&#8221; W MYŚLENICACH</strong><br><strong>32-400 MYŚLENICE ul. 3-go MAJA 97 b</strong></h3>



<h3 class="wp-block-heading">Konto bankowe&nbsp;<br><strong>Bank Spółdzielczy Wieliczka O/Myślenice&nbsp;</strong><br><strong>Nr: 62 8619 0006 0020 0000 1300 0001</strong></h3>



<p> </p>

<p>Fundacja &#8222;Pomoc Dzieciom Specjalnej Troski w Myślenicach&#8221; wspiera rodziny niepełnosprawnych uczniów Specjalnego Ośrodka Szkolno – Wychowawczego w Myślenicach znajdujących się w trudnej sytuacji materialnej poprzez&hellip;</p>
