{"id":45,"date":"2018-11-17T10:54:59","date_gmt":"2018-11-17T09:54:59","guid":{"rendered":"http:\/\/soswmyslenice.edu.pl\/new\/?page_id=45"},"modified":"2025-02-17T09:08:35","modified_gmt":"2025-02-17T08:08:35","slug":"szkola-przysposabiajaca-do-pracy","status":"publish","type":"page","link":"https:\/\/soswmyslenice.edu.pl\/new\/index.php\/strona-glowna\/oferta-edukacyjna\/szkola-przysposabiajaca-do-pracy\/","title":{"rendered":"Szko\u0142a Przysposabiaj\u0105ca do Pracy"},"content":{"rendered":"<div class=\"wpb-content-wrapper\">\n<figure class=\"wp-block-gallery has-nested-images columns-default is-cropped wp-block-gallery-1 is-layout-flex wp-block-gallery-is-layout-flex\">\n<figure class=\"wp-block-image size-large\"><img loading=\"lazy\" decoding=\"async\" width=\"2048\" height=\"1536\" data-id=\"4101\" src=\"https:\/\/soswmyslenice.edu.pl\/new\/wp-content\/uploads\/2025\/02\/download.jpg\" alt=\"Uczniowie ubrani w bia\u0142e fartuchy i czapki w kuchni.\" class=\"wp-image-4101\" srcset=\"https:\/\/soswmyslenice.edu.pl\/new\/wp-content\/uploads\/2025\/02\/download.jpg 2048w, https:\/\/soswmyslenice.edu.pl\/new\/wp-content\/uploads\/2025\/02\/download-300x225.jpg 300w, https:\/\/soswmyslenice.edu.pl\/new\/wp-content\/uploads\/2025\/02\/download-1024x768.jpg 1024w, https:\/\/soswmyslenice.edu.pl\/new\/wp-content\/uploads\/2025\/02\/download-768x576.jpg 768w, https:\/\/soswmyslenice.edu.pl\/new\/wp-content\/uploads\/2025\/02\/download-1536x1152.jpg 1536w\" sizes=\"auto, (max-width: 2048px) 100vw, 2048px\" \/><\/figure>\n\n\n\n<figure class=\"wp-block-image size-large\"><img loading=\"lazy\" decoding=\"async\" width=\"2048\" height=\"1536\" data-id=\"4102\" src=\"https:\/\/soswmyslenice.edu.pl\/new\/wp-content\/uploads\/2025\/02\/e8d9c7a4-121a-469d-961f-ea23a796f529.jpg\" alt=\"Uczniowie ubrani w bia\u0142e fartuchy i czapki przygotowuj\u0105 jedzenie. Na stole talerze a na nich pokrojone og\u00f3rki, papryka, kabanosy i ser.\" class=\"wp-image-4102\" srcset=\"https:\/\/soswmyslenice.edu.pl\/new\/wp-content\/uploads\/2025\/02\/e8d9c7a4-121a-469d-961f-ea23a796f529.jpg 2048w, https:\/\/soswmyslenice.edu.pl\/new\/wp-content\/uploads\/2025\/02\/e8d9c7a4-121a-469d-961f-ea23a796f529-300x225.jpg 300w, https:\/\/soswmyslenice.edu.pl\/new\/wp-content\/uploads\/2025\/02\/e8d9c7a4-121a-469d-961f-ea23a796f529-1024x768.jpg 1024w, https:\/\/soswmyslenice.edu.pl\/new\/wp-content\/uploads\/2025\/02\/e8d9c7a4-121a-469d-961f-ea23a796f529-768x576.jpg 768w, https:\/\/soswmyslenice.edu.pl\/new\/wp-content\/uploads\/2025\/02\/e8d9c7a4-121a-469d-961f-ea23a796f529-1536x1152.jpg 1536w\" sizes=\"auto, (max-width: 2048px) 100vw, 2048px\" \/><\/figure>\n<\/figure>\n\n\n<p>[vc_row][vc_column][vc_separator color=&#8221;green&#8221; style=&#8221;shadow&#8221; el_width=&#8221;80&#8243;][\/vc_column][\/vc_row][vc_row][vc_column][vc_column_text]<\/p>\n<h3 style=\"text-align: center;\"><strong>Szko\u0142a Przysposabiaj\u0105ca do Pracy &#8211; 3 letnia<\/strong><\/h3>\n<p>[\/vc_column_text][\/vc_column][\/vc_row][vc_row][vc_column][vc_separator color=&#8221;green&#8221; style=&#8221;shadow&#8221; el_width=&#8221;90&#8243;][\/vc_column][\/vc_row][vc_row][vc_column][vc_column_text]<\/p>\n<h5 style=\"text-align: justify;\">Szko\u0142a Specjalna Przysposabiaj\u0105ca do Pracy przeznaczona jest dla uczni\u00f3w z niepe\u0142nosprawno\u015bci\u0105 intelektualn\u0105 w stopniu umiarkowanym i znacznym oraz dla uczni\u00f3w z niepe\u0142nosprawno\u015bci\u0105 sprz\u0119\u017con\u0105 w tym m.in. z autyzmem.<\/h5>\n<h5 style=\"text-align: justify;\">Celem edukacji w Szkole Przysposabiaj\u0105cej do Pracy jest wszechstronny rozw\u00f3j uczni\u00f3w na miar\u0119 indywidualnych mo\u017cliwo\u015bci oraz przygotowanie do codziennego \u017cycia tak, aby byli zaradni, umieli sterowa\u0107 w\u0142asnym zachowaniem, by mogli uczestniczy\u0107 w \u017cyciu spo\u0142ecznym<\/h5>\n<h5 style=\"text-align: justify;\">Nauka w szkole trwa 3 lata. Klasy licz\u0105 od 6 do 8 uczni\u00f3w.<\/h5>\n<h5 style=\"text-align: justify;\">Nauka opiera si\u0119 na opracowanych indywidualnie dla ka\u017cdego ucznia, programach edukacyjno-terapeutycznych, a ocenianie post\u0119p\u00f3w uczni\u00f3w ma charakter opisowy.<\/h5>\n<p>[\/vc_column_text][\/vc_column][\/vc_row][vc_row][vc_column][vc_separator color=&#8221;green&#8221; style=&#8221;shadow&#8221; el_width=&#8221;90&#8243;][\/vc_column][\/vc_row][vc_row][vc_column][vc_column_text]<\/p>\n<h4><strong>EDUKACJA W SZKOLE PRZYSPOSABIAJ\u0104CEJ DO PRACY OBEJMUJE<\/strong><\/h4>\n<h5 style=\"text-align: justify;\"><strong>Funkcjonowanie osobiste i spo\u0142eczne<\/strong>&nbsp;\u2013 s\u0105 to zaj\u0119cia, na kt\u00f3rych uczniowie doskonal\u0105 wiadomo\u015bci zdobyte na wcze\u015bniejszych etapach edukacyjnych w zakresie czytania, pisania, elementarnych poj\u0119\u0107 matematycznych, podstawowej wiedzy z zakresu \u015brodowiska spo\u0142eczno-przyrodniczego, a tak\u017ce nabywaj\u0105 umiej\u0119tno\u015bci przydatne w doros\u0142ym \u017cyciu, np. korzystania z instytucji u\u017cyteczno\u015bci publicznej, pos\u0142ugiwania si\u0119 pieni\u0119dzmi, pe\u0142nienia r\u00f3\u017cnych r\u00f3l spo\u0142ecznych.<\/h5>\n<h5 style=\"text-align: justify;\"><strong>Rewalidacj\u0119 indywidualn\u0105<\/strong>&nbsp;\u2013 (og\u00f3lnorozwojow\u0105, logopedyczn\u0105) \u2013 zaj\u0119cia te wspomagaj\u0105 rozw\u00f3j uczni\u00f3w, usprawniaj\u0105 zaburzone funkcje, rozwijaj\u0105 zainteresowania.<\/h5>\n<h5 style=\"text-align: justify;\"><strong>Wychowanie fizyczne<\/strong>&nbsp;\u2013 umo\u017cliwia usprawnianie obni\u017conych funkcji ruchowych u uczni\u00f3w, pozwala kszta\u0142towa\u0107 ich sylwetk\u0119, uczy sportowej rywalizacji. Zaj\u0119cia odbywaj\u0105 si\u0119 w sali gimnastycznej, si\u0142owniach i na terenach sportowych.<\/h5>\n<h5 style=\"text-align: justify;\"><strong>Zaj\u0119cia kszta\u0142tuj\u0105ce kreatywno\u015b\u0107<\/strong>&nbsp;\u2013 (plastyczne, wokalno-muzyczne, teatralne) \u2013 w trakcie tych zaj\u0119\u0107 uczniowie rozwijaj\u0105 swoje uzdolnienia, zainteresowania i talenty.<\/h5>\n<h5 style=\"text-align: justify;\"><strong>Przysposobienie do pracy<\/strong>&nbsp;&#8211; w ramach tego przedmiotu uczniowie s\u0105 przygotowywani do nabycia umiej\u0119tno\u015bci praktycznych i wykonywania czynno\u015bci pracy wynikaj\u0105cych z nast\u0119puj\u0105cych dziedzin:<\/h5>\n<ul style=\"text-align: justify;\">\n<li>\n<h5><em><strong>Gospodarstwo Domowe&nbsp;z elementami kucharstwa<\/strong><\/em>&nbsp;\u2013 obejmuje szeroki zakres prac opartych na prowadzeniu gospodarstwa domowego, tj. sprz\u0105tanie, prasowanie, pranie oraz sporz\u0105dzanie i wydawanie posi\u0142k\u00f3w.<\/h5>\n<\/li>\n<li>\n<h5><em><strong>Prace Ogrodnicze<\/strong><\/em>&nbsp;\u2013 uprawa i piel\u0119gnacja ro\u015blin, prace na dzia\u0142ce, tworzenie r\u00f3\u017cnorodnych kompozycji kwiatowych, stroik\u00f3w \u015bwi\u0105tecznych.<\/h5>\n<\/li>\n<li>\n<h5><em><strong>Prace Biurowe<\/strong><\/em>&nbsp;\u2013 obs\u0142uga urz\u0105dze\u0144 biurowych typu: kserokopiarka, bindownica, laminator itp. oraz wykonywanie us\u0142ug w tym zakresie.<\/h5>\n<\/li>\n<li>\n<h5><em><strong>Elementy Szycia R\u0119cznego<\/strong><\/em>&nbsp;\u2013 zastosowanie \u015bcieg\u00f3w podstawowych i ozdobnych w drobnych naprawach krawieckich oraz haftowaniu; szycie prostych wyrob\u00f3w, tj. \u015bciereczek, zas\u0142on, r\u0119kawic kuchennych itp.<\/h5>\n<\/li>\n<li>\n<h5><em><strong>R\u0119kodzielnictwo<\/strong><\/em>&nbsp;\u2013 wytwarzanie drobnych przedmiot\u00f3w dekoracyjnych i pami\u0105tkarskich z zastosowaniem r\u00f3\u017cnych: technik: decoupage, malowanie na szkle, haft matematyczny, wyr\u00f3b ozd\u00f3b i bi\u017cuterii, origami, materia\u0142\u00f3w: drewno, glina, sznurek, modelina, tektura, koraliki, szk\u0142o, nici, we\u0142na, bibu\u0142a, papier kolorowy itp.<\/h5>\n<\/li>\n<\/ul>\n<h5 style=\"text-align: justify;\">Zaj\u0119cia z przysposobienia do pracy odbywaj\u0105 si\u0119 w odpowiednio wyposa\u017conych pracowniach.<br>\nW celu zwi\u0119kszenia atrakcyjno\u015bci procesu edukacyjnego i pog\u0142\u0119bienia umiej\u0119tno\u015bci spo\u0142ecznych uczni\u00f3w organizowane s\u0105 r\u00f3\u017cnorodne wycieczki dydaktyczne, wystawy, konkursy<\/h5>\n<p>[\/vc_column_text][\/vc_column][\/vc_row][vc_row][vc_column][vc_separator color=&#8221;green&#8221; style=&#8221;shadow&#8221; el_width=&#8221;90&#8243;][\/vc_column][\/vc_row][vc_row][vc_column][vc_column_text]<\/p>\n<h4 style=\"text-align: center;\"><em><strong>PRACOWNIA GOSPODARSTWA DOMOWEGO<\/strong><\/em><\/h4>\n<p>[\/vc_column_text][\/vc_column][\/vc_row][vc_row][vc_column][vc_separator color=&#8221;green&#8221; style=&#8221;shadow&#8221; el_width=&#8221;90&#8243;][\/vc_column][\/vc_row][vc_row][vc_column][vc_gallery type=&#8221;image_grid&#8221; images=&#8221;1124,1128,1131,1133,1136,1138&#8243; img_size=&#8221;210&#215;150&#8243;][\/vc_column][\/vc_row][vc_row][vc_column][vc_separator color=&#8221;green&#8221; style=&#8221;shadow&#8221;][\/vc_column][\/vc_row]<\/p><\/div>","protected":false},"excerpt":{"rendered":"<p>[vc_row][vc_column][vc_separator color=&#8221;green&#8221; style=&#8221;shadow&#8221; el_width=&#8221;80&#8243;][\/vc_column][\/vc_row][vc_row][vc_column][vc_column_text] Szko\u0142a Przysposabiaj\u0105ca do Pracy &#8211; 3 letnia [\/vc_column_text][\/vc_column][\/vc_row][vc_row][vc_column][vc_separator color=&#8221;green&#8221; style=&#8221;shadow&#8221; el_width=&#8221;90&#8243;][\/vc_column][\/vc_row][vc_row][vc_column][vc_column_text] Szko\u0142a Specjalna Przysposabiaj\u0105ca do Pracy przeznaczona jest dla uczni\u00f3w z&hellip;<\/p>\n","protected":false},"author":2,"featured_media":0,"parent":41,"menu_order":0,"comment_status":"closed","ping_status":"closed","template":"","meta":{"footnotes":""},"class_list":["post-45","page","type-page","status-publish","hentry"],"_links":{"self":[{"href":"https:\/\/soswmyslenice.edu.pl\/new\/index.php\/wp-json\/wp\/v2\/pages\/45","targetHints":{"allow":["GET"]}}],"collection":[{"href":"https:\/\/soswmyslenice.edu.pl\/new\/index.php\/wp-json\/wp\/v2\/pages"}],"about":[{"href":"https:\/\/soswmyslenice.edu.pl\/new\/index.php\/wp-json\/wp\/v2\/types\/page"}],"author":[{"embeddable":true,"href":"https:\/\/soswmyslenice.edu.pl\/new\/index.php\/wp-json\/wp\/v2\/users\/2"}],"replies":[{"embeddable":true,"href":"https:\/\/soswmyslenice.edu.pl\/new\/index.php\/wp-json\/wp\/v2\/comments?post=45"}],"version-history":[{"count":6,"href":"https:\/\/soswmyslenice.edu.pl\/new\/index.php\/wp-json\/wp\/v2\/pages\/45\/revisions"}],"predecessor-version":[{"id":4104,"href":"https:\/\/soswmyslenice.edu.pl\/new\/index.php\/wp-json\/wp\/v2\/pages\/45\/revisions\/4104"}],"up":[{"embeddable":true,"href":"https:\/\/soswmyslenice.edu.pl\/new\/index.php\/wp-json\/wp\/v2\/pages\/41"}],"wp:attachment":[{"href":"https:\/\/soswmyslenice.edu.pl\/new\/index.php\/wp-json\/wp\/v2\/media?parent=45"}],"curies":[{"name":"wp","href":"https:\/\/api.w.org\/{rel}","templated":true}]}}