{"id":49,"date":"2018-11-17T10:56:55","date_gmt":"2018-11-17T09:56:55","guid":{"rendered":"http:\/\/soswmyslenice.edu.pl\/new\/?page_id=49"},"modified":"2025-01-12T22:37:34","modified_gmt":"2025-01-12T21:37:34","slug":"internat","status":"publish","type":"page","link":"https:\/\/soswmyslenice.edu.pl\/new\/index.php\/strona-glowna\/oferta-edukacyjna\/internat\/","title":{"rendered":"Internat"},"content":{"rendered":"\n<h1 class=\"has-text-align-center wp-block-heading\">Internat<\/h1>\n\n\n\n<hr class=\"wp-block-separator\"\/>\n\n\n\n<div class=\"wp-block-media-text alignwide is-stacked-on-mobile is-vertically-aligned-center\"><figure class=\"wp-block-media-text__media\"><img loading=\"lazy\" decoding=\"async\" width=\"1024\" height=\"498\" src=\"https:\/\/soswmyslenice.edu.pl\/new\/wp-content\/uploads\/2025\/01\/9501ba2b-22f6-4bb0-a1fc-6b517f45cd6b-1024x498.jpg\" alt=\"Grupa uczni\u00f3w z internatu stoi w \u015bwietlicy. Przed nimi le\u017c\u0105 4 kolorowe dynie, kt\u00f3re maj\u0105 domalowane oczy, usta, z\u0119by.\" class=\"wp-image-4028 size-full\" srcset=\"https:\/\/soswmyslenice.edu.pl\/new\/wp-content\/uploads\/2025\/01\/9501ba2b-22f6-4bb0-a1fc-6b517f45cd6b-1024x498.jpg 1024w, https:\/\/soswmyslenice.edu.pl\/new\/wp-content\/uploads\/2025\/01\/9501ba2b-22f6-4bb0-a1fc-6b517f45cd6b-300x146.jpg 300w, https:\/\/soswmyslenice.edu.pl\/new\/wp-content\/uploads\/2025\/01\/9501ba2b-22f6-4bb0-a1fc-6b517f45cd6b-768x373.jpg 768w, https:\/\/soswmyslenice.edu.pl\/new\/wp-content\/uploads\/2025\/01\/9501ba2b-22f6-4bb0-a1fc-6b517f45cd6b-1536x746.jpg 1536w, https:\/\/soswmyslenice.edu.pl\/new\/wp-content\/uploads\/2025\/01\/9501ba2b-22f6-4bb0-a1fc-6b517f45cd6b.jpg 2048w\" sizes=\"auto, (max-width: 1024px) 100vw, 1024px\" \/><\/figure><div class=\"wp-block-media-text__content\">\n<p><strong>W Specjalnym O\u015brodku Szkolno \u2013 Wychowawczym w My\u015blenicach funkcjonuj\u0105 3 grupy wychowawcze zr\u00f3\u017cnicowane wiekowo, poziomami edukacyjnymi, stopniem niepe\u0142nosprawno\u015bci intelektualnej, zaburzeniami i schorzeniami.<\/strong><\/p>\n\n\n\n<p><strong><strong>Opiek\u0119 nad wychowankami sprawuje przyjazna i \u017cyczliwa m\u0142odzie\u017cy i wykwalifikowana kadra pedagogiczna.<\/strong><\/strong><\/p>\n<\/div><\/div>\n\n\n\n<div class=\"wp-block-group\"><div class=\"wp-block-group__inner-container is-layout-flow wp-block-group-is-layout-flow\">\n<p><strong>Po zaj\u0119ciach szkolnych jest czas zar\u00f3wno na nauk\u0119 jak i wypoczynek oraz rozrywk\u0119. Wychowankowie korzystaj\u0105 z r\u00f3\u017cnorodnych zaj\u0119\u0107 \u015bwietlicowych, zaj\u0119\u0107 rekreacyjno-sportowych, zaj\u0119\u0107 plastycznych, technicznych, zaj\u0119\u0107 kulinarnych oraz praktyczno &#8211; u\u017cytecznych, teatrzyku, wycieczek pieszych, spacer\u00f3w.<\/strong><\/p>\n\n\n\n<p><strong>Wychowankowie obj\u0119ci s\u0105 tak\u017ce opiek\u0105 psychologiczn\u0105, pedagogiczn\u0105 oraz medyczn\u0105. Uczymy samodzielno\u015bci, higieny, zasad bezpiecze\u0144stwa, systematyczno\u015bci w nauce, kszta\u0142cimy umiej\u0119tno\u015b\u0107 poprawnej organizacji czasu wolnego.<\/strong><\/p>\n<\/div><\/div>\n\n\n\n<hr class=\"wp-block-separator\"\/>\n\n\n\n<div class=\"wp-block-media-text alignwide is-stacked-on-mobile\" style=\"grid-template-columns:49% auto\"><figure class=\"wp-block-media-text__media\"><img loading=\"lazy\" decoding=\"async\" width=\"1024\" height=\"724\" src=\"https:\/\/soswmyslenice.edu.pl\/new\/wp-content\/uploads\/2024\/12\/Bez-tytulu-A4-orientacja-pozioma-1-1024x724.jpg\" alt=\"Zdj\u0119cia hacerzy O\u015brodka na zielonej tablicy. Na g\u00f3rze \u017c\u00f3\u0142ty napis MDH im. Janusza Korczaka, z prawej strony \u017c\u00f3\u0142ty napis Tropiciele My\u015blenice\" class=\"wp-image-3955 size-full\" srcset=\"https:\/\/soswmyslenice.edu.pl\/new\/wp-content\/uploads\/2024\/12\/Bez-tytulu-A4-orientacja-pozioma-1-1024x724.jpg 1024w, https:\/\/soswmyslenice.edu.pl\/new\/wp-content\/uploads\/2024\/12\/Bez-tytulu-A4-orientacja-pozioma-1-300x212.jpg 300w, https:\/\/soswmyslenice.edu.pl\/new\/wp-content\/uploads\/2024\/12\/Bez-tytulu-A4-orientacja-pozioma-1-768x543.jpg 768w, https:\/\/soswmyslenice.edu.pl\/new\/wp-content\/uploads\/2024\/12\/Bez-tytulu-A4-orientacja-pozioma-1-1536x1086.jpg 1536w, https:\/\/soswmyslenice.edu.pl\/new\/wp-content\/uploads\/2024\/12\/Bez-tytulu-A4-orientacja-pozioma-1.jpg 2000w\" sizes=\"auto, (max-width: 1024px) 100vw, 1024px\" \/><\/figure><div class=\"wp-block-media-text__content\">\n<h3 class=\"wp-block-heading\"><strong>W Internacie dzia\u0142a&nbsp;Dru\u017cyna Zwi\u0105zku Harcerstwa Polskiego: <\/strong><\/h3>\n\n\n\n<h3 class=\"wp-block-heading\"><strong>Nieprzetarty Szlak<\/strong><\/h3>\n\n\n\n<p><\/p>\n<\/div><\/div>\n","protected":false},"excerpt":{"rendered":"<p>Internat W Specjalnym O\u015brodku Szkolno \u2013 Wychowawczym w My\u015blenicach funkcjonuj\u0105 3 grupy wychowawcze zr\u00f3\u017cnicowane wiekowo, poziomami edukacyjnymi, stopniem niepe\u0142nosprawno\u015bci intelektualnej, zaburzeniami i schorzeniami. Opiek\u0119 nad&hellip;<\/p>\n","protected":false},"author":2,"featured_media":0,"parent":41,"menu_order":0,"comment_status":"closed","ping_status":"closed","template":"","meta":{"footnotes":""},"class_list":["post-49","page","type-page","status-publish","hentry"],"_links":{"self":[{"href":"https:\/\/soswmyslenice.edu.pl\/new\/index.php\/wp-json\/wp\/v2\/pages\/49","targetHints":{"allow":["GET"]}}],"collection":[{"href":"https:\/\/soswmyslenice.edu.pl\/new\/index.php\/wp-json\/wp\/v2\/pages"}],"about":[{"href":"https:\/\/soswmyslenice.edu.pl\/new\/index.php\/wp-json\/wp\/v2\/types\/page"}],"author":[{"embeddable":true,"href":"https:\/\/soswmyslenice.edu.pl\/new\/index.php\/wp-json\/wp\/v2\/users\/2"}],"replies":[{"embeddable":true,"href":"https:\/\/soswmyslenice.edu.pl\/new\/index.php\/wp-json\/wp\/v2\/comments?post=49"}],"version-history":[{"count":6,"href":"https:\/\/soswmyslenice.edu.pl\/new\/index.php\/wp-json\/wp\/v2\/pages\/49\/revisions"}],"predecessor-version":[{"id":4029,"href":"https:\/\/soswmyslenice.edu.pl\/new\/index.php\/wp-json\/wp\/v2\/pages\/49\/revisions\/4029"}],"up":[{"embeddable":true,"href":"https:\/\/soswmyslenice.edu.pl\/new\/index.php\/wp-json\/wp\/v2\/pages\/41"}],"wp:attachment":[{"href":"https:\/\/soswmyslenice.edu.pl\/new\/index.php\/wp-json\/wp\/v2\/media?parent=49"}],"curies":[{"name":"wp","href":"https:\/\/api.w.org\/{rel}","templated":true}]}}

<h1 class="has-text-align-center wp-block-heading">Internat</h1>



<hr class="wp-block-separator"/>



<div class="wp-block-media-text alignwide is-stacked-on-mobile is-vertically-aligned-center"><figure class="wp-block-media-text__media"><img loading="lazy" decoding="async" width="1024" height="498" src="https://soswmyslenice.edu.pl/new/wp-content/uploads/2025/01/9501ba2b-22f6-4bb0-a1fc-6b517f45cd6b-1024x498.jpg" alt="Grupa uczniów z internatu stoi w świetlicy. Przed nimi leżą 4 kolorowe dynie, które mają domalowane oczy, usta, zęby." class="wp-image-4028 size-full" srcset="https://soswmyslenice.edu.pl/new/wp-content/uploads/2025/01/9501ba2b-22f6-4bb0-a1fc-6b517f45cd6b-1024x498.jpg 1024w, https://soswmyslenice.edu.pl/new/wp-content/uploads/2025/01/9501ba2b-22f6-4bb0-a1fc-6b517f45cd6b-300x146.jpg 300w, https://soswmyslenice.edu.pl/new/wp-content/uploads/2025/01/9501ba2b-22f6-4bb0-a1fc-6b517f45cd6b-768x373.jpg 768w, https://soswmyslenice.edu.pl/new/wp-content/uploads/2025/01/9501ba2b-22f6-4bb0-a1fc-6b517f45cd6b-1536x746.jpg 1536w, https://soswmyslenice.edu.pl/new/wp-content/uploads/2025/01/9501ba2b-22f6-4bb0-a1fc-6b517f45cd6b.jpg 2048w" sizes="auto, (max-width: 1024px) 100vw, 1024px" /></figure><div class="wp-block-media-text__content">
<p><strong>W Specjalnym Ośrodku Szkolno – Wychowawczym w Myślenicach funkcjonują 3 grupy wychowawcze zróżnicowane wiekowo, poziomami edukacyjnymi, stopniem niepełnosprawności intelektualnej, zaburzeniami i schorzeniami.</strong></p>



<p><strong><strong>Opiekę nad wychowankami sprawuje przyjazna i życzliwa młodzieży i wykwalifikowana kadra pedagogiczna.</strong></strong></p>
</div></div>



<div class="wp-block-group"><div class="wp-block-group__inner-container is-layout-flow wp-block-group-is-layout-flow">
<p><strong>Po zajęciach szkolnych jest czas zarówno na naukę jak i wypoczynek oraz rozrywkę. Wychowankowie korzystają z różnorodnych zajęć świetlicowych, zajęć rekreacyjno-sportowych, zajęć plastycznych, technicznych, zajęć kulinarnych oraz praktyczno &#8211; użytecznych, teatrzyku, wycieczek pieszych, spacerów.</strong></p>



<p><strong>Wychowankowie objęci są także opieką psychologiczną, pedagogiczną oraz medyczną. Uczymy samodzielności, higieny, zasad bezpieczeństwa, systematyczności w nauce, kształcimy umiejętność poprawnej organizacji czasu wolnego.</strong></p>
</div></div>



<hr class="wp-block-separator"/>



<div class="wp-block-media-text alignwide is-stacked-on-mobile" style="grid-template-columns:49% auto"><figure class="wp-block-media-text__media"><img loading="lazy" decoding="async" width="1024" height="724" src="https://soswmyslenice.edu.pl/new/wp-content/uploads/2024/12/Bez-tytulu-A4-orientacja-pozioma-1-1024x724.jpg" alt="Zdjęcia hacerzy Ośrodka na zielonej tablicy. Na górze żółty napis MDH im. Janusza Korczaka, z prawej strony żółty napis Tropiciele Myślenice" class="wp-image-3955 size-full" srcset="https://soswmyslenice.edu.pl/new/wp-content/uploads/2024/12/Bez-tytulu-A4-orientacja-pozioma-1-1024x724.jpg 1024w, https://soswmyslenice.edu.pl/new/wp-content/uploads/2024/12/Bez-tytulu-A4-orientacja-pozioma-1-300x212.jpg 300w, https://soswmyslenice.edu.pl/new/wp-content/uploads/2024/12/Bez-tytulu-A4-orientacja-pozioma-1-768x543.jpg 768w, https://soswmyslenice.edu.pl/new/wp-content/uploads/2024/12/Bez-tytulu-A4-orientacja-pozioma-1-1536x1086.jpg 1536w, https://soswmyslenice.edu.pl/new/wp-content/uploads/2024/12/Bez-tytulu-A4-orientacja-pozioma-1.jpg 2000w" sizes="auto, (max-width: 1024px) 100vw, 1024px" /></figure><div class="wp-block-media-text__content">
<h3 class="wp-block-heading"><strong>W Internacie działa&nbsp;Drużyna Związku Harcerstwa Polskiego: </strong></h3>



<h3 class="wp-block-heading"><strong>Nieprzetarty Szlak</strong></h3>



<p></p>
</div></div>

<p>Internat W Specjalnym Ośrodku Szkolno – Wychowawczym w Myślenicach funkcjonują 3 grupy wychowawcze zróżnicowane wiekowo, poziomami edukacyjnymi, stopniem niepełnosprawności intelektualnej, zaburzeniami i schorzeniami. Opiekę nad&hellip;</p>
