{"id":5,"date":"2018-11-17T10:18:45","date_gmt":"2018-11-17T09:18:45","guid":{"rendered":"http:\/\/soswmyslenice.edu.pl\/new\/?page_id=5"},"modified":"2024-10-17T19:43:01","modified_gmt":"2024-10-17T17:43:01","slug":"strona-glowna","status":"publish","type":"page","link":"https:\/\/soswmyslenice.edu.pl\/new\/","title":{"rendered":"Strona g\u0142\u00f3wna"},"content":{"rendered":"\n<h1 class=\"has-text-align-center wp-block-heading\" id=\"content\">Specjalny O\u015brodek Szkolno-Wychowawczy <br>w My\u015blenicach<\/h1>\n\n\n\n<div class=\"wp-block-columns is-layout-flex wp-container-core-columns-is-layout-9d6595d7 wp-block-columns-is-layout-flex\">\n<div class=\"wp-block-column is-layout-flow wp-block-column-is-layout-flow\"><\/div>\n\n\n\n<div class=\"wp-block-column is-vertically-aligned-top is-layout-flow wp-block-column-is-layout-flow\">\n<div class=\"wp-block-image\"><figure class=\"alignright size-large is-resized\"><img loading=\"lazy\" decoding=\"async\" src=\"https:\/\/soswmyslenice.edu.pl\/new\/wp-content\/uploads\/2020\/11\/minatura-instytucja.png\" alt=\"Napis Instytucja wojew\u00f3dztwa ma\u0142opolskiego, czarne litery\" class=\"wp-image-1913\" width=\"168\" height=\"66\" srcset=\"https:\/\/soswmyslenice.edu.pl\/new\/wp-content\/uploads\/2020\/11\/minatura-instytucja.png 675w, https:\/\/soswmyslenice.edu.pl\/new\/wp-content\/uploads\/2020\/11\/minatura-instytucja-300x120.png 300w\" sizes=\"auto, (max-width: 168px) 100vw, 168px\" \/><\/figure><\/div>\n<\/div>\n<\/div>\n\n\n\n<blockquote class=\"wp-block-quote has-text-align-left is-layout-flow wp-block-quote-is-layout-flow\"><p>&#8222;<em>Ka\u017cdy cz\u0142owiek ma prawo do szcz\u0119\u015bcia&#8221; &nbsp;<\/em><\/p><cite><em>M.&nbsp;Grzegorzewska<\/em><\/cite><\/blockquote>\n\n\n\n<div class=\"wp-block-image\"><figure class=\"aligncenter size-large is-resized\"><img loading=\"lazy\" decoding=\"async\" src=\"https:\/\/soswmyslenice.edu.pl\/new\/wp-content\/uploads\/2024\/10\/SOSW_LOGO1c-917x1024.png\" alt=\"Na dole dwie otwarte d\u0142onie z kt\u00f3rych wyrasta drzewo z kolorowymi li\u015b\u0107mi. Pod drzewem stoj\u0105 dzieci w kolorowych koszulkach, jedno z nich po lewej jest na w\u00f3zku inwalidzkim. Nad drzewem jest niebieski napis Specjalny O\u015brodek Szkolno Wyhcowawczy, a pod d\u0142oniamia jest napis w My\u015blenicach. Obrazek ma form\u0119 ko\u0142a.\" class=\"wp-image-3722\" width=\"575\" height=\"643\" srcset=\"https:\/\/soswmyslenice.edu.pl\/new\/wp-content\/uploads\/2024\/10\/SOSW_LOGO1c-917x1024.png 917w, https:\/\/soswmyslenice.edu.pl\/new\/wp-content\/uploads\/2024\/10\/SOSW_LOGO1c-269x300.png 269w, https:\/\/soswmyslenice.edu.pl\/new\/wp-content\/uploads\/2024\/10\/SOSW_LOGO1c-768x857.png 768w, https:\/\/soswmyslenice.edu.pl\/new\/wp-content\/uploads\/2024\/10\/SOSW_LOGO1c.png 1325w\" sizes=\"auto, (max-width: 575px) 100vw, 575px\" \/><\/figure><\/div>\n\n\n\n<figure class=\"wp-block-pullquote\"><blockquote><p><em>Nowoczesna, bezpieczna, przyjazna szko\u0142a ze specjalistyczn\u0105 kadr\u0105 pedagogiczn\u0105, zapewniaj\u0105ca&nbsp;wszechstronny rozw\u00f3j niepe\u0142nosprawnych uczni\u00f3w.<\/em><\/p><\/blockquote><\/figure>\n\n\n\n<div class=\"wp-block-columns is-layout-flex wp-container-core-columns-is-layout-9d6595d7 wp-block-columns-is-layout-flex\">\n<div class=\"wp-block-column is-layout-flow wp-block-column-is-layout-flow\">\n<div class=\"wp-block-image\"><figure class=\"aligncenter size-large is-resized\"><a href=\"https:\/\/kuratorium.krakow.pl\/\"><img loading=\"lazy\" decoding=\"async\" src=\"https:\/\/soswmyslenice.edu.pl\/new\/wp-content\/uploads\/2021\/04\/kuratorium_logo-1008x1024.jpg\" alt=\"bia\u0142o-czarna jask\u00f3\u0142ka na  tle niebieskiej elipsy\" class=\"wp-image-2136\" width=\"117\" height=\"119\" srcset=\"https:\/\/soswmyslenice.edu.pl\/new\/wp-content\/uploads\/2021\/04\/kuratorium_logo-1008x1024.jpg 1008w, https:\/\/soswmyslenice.edu.pl\/new\/wp-content\/uploads\/2021\/04\/kuratorium_logo-295x300.jpg 295w, https:\/\/soswmyslenice.edu.pl\/new\/wp-content\/uploads\/2021\/04\/kuratorium_logo-768x780.jpg 768w, https:\/\/soswmyslenice.edu.pl\/new\/wp-content\/uploads\/2021\/04\/kuratorium_logo-1512x1536.jpg 1512w, https:\/\/soswmyslenice.edu.pl\/new\/wp-content\/uploads\/2021\/04\/kuratorium_logo.jpg 1685w\" sizes=\"auto, (max-width: 117px) 100vw, 117px\" \/><\/a><\/figure><\/div>\n<\/div>\n\n\n\n<div class=\"wp-block-column is-layout-flow wp-block-column-is-layout-flow\">\n<div class=\"wp-block-image\"><figure class=\"aligncenter size-large is-resized\"><a href=\"https:\/\/bip.malopolska.pl\/sosmyslenicach\"><img loading=\"lazy\" decoding=\"async\" src=\"https:\/\/soswmyslenice.edu.pl\/new\/wp-content\/uploads\/2020\/10\/ava1-1024x364.jpg\" alt=\"logo BIP, po lewej flaga bia\u0142o czerwona z napisem bip, obok u g\u00f3ry napis czarny biuletyn informacji publicznej\" class=\"wp-image-1815\" width=\"153\" height=\"54\" srcset=\"https:\/\/soswmyslenice.edu.pl\/new\/wp-content\/uploads\/2020\/10\/ava1-1024x364.jpg 1024w, https:\/\/soswmyslenice.edu.pl\/new\/wp-content\/uploads\/2020\/10\/ava1-300x107.jpg 300w, https:\/\/soswmyslenice.edu.pl\/new\/wp-content\/uploads\/2020\/10\/ava1-768x273.jpg 768w, https:\/\/soswmyslenice.edu.pl\/new\/wp-content\/uploads\/2020\/10\/ava1.jpg 1095w\" sizes=\"auto, (max-width: 153px) 100vw, 153px\" \/><\/a><\/figure><\/div>\n<\/div>\n\n\n\n<div class=\"wp-block-column is-layout-flow wp-block-column-is-layout-flow\">\n<div class=\"wp-block-image\"><figure class=\"aligncenter size-large is-resized\"><a href=\"https:\/\/www.facebook.com\/SOSWMYSLENICE\/\"><img loading=\"lazy\" decoding=\"async\" src=\"https:\/\/soswmyslenice.edu.pl\/new\/wp-content\/uploads\/2020\/03\/polskie-polubienia-na-fanpage-facebook.png\" alt=\"niebieska d\u0142o\u0144 z kciukiem do g\u00f3ry, logo Facebook\" class=\"wp-image-1689\" width=\"94\" height=\"94\" srcset=\"https:\/\/soswmyslenice.edu.pl\/new\/wp-content\/uploads\/2020\/03\/polskie-polubienia-na-fanpage-facebook.png 250w, https:\/\/soswmyslenice.edu.pl\/new\/wp-content\/uploads\/2020\/03\/polskie-polubienia-na-fanpage-facebook-150x150.png 150w\" sizes=\"auto, (max-width: 94px) 100vw, 94px\" \/><\/a><\/figure><\/div>\n<\/div>\n<\/div>\n\n\n\n<div class=\"wp-block-group\"><div class=\"wp-block-group__inner-container is-layout-flow wp-block-group-is-layout-flow\">\n<div class=\"wp-block-columns is-layout-flex wp-container-core-columns-is-layout-9d6595d7 wp-block-columns-is-layout-flex\">\n<div class=\"wp-block-column is-layout-flow wp-block-column-is-layout-flow\">\n<figure class=\"wp-block-gallery has-nested-images columns-default is-cropped wp-block-gallery-1 is-layout-flex wp-block-gallery-is-layout-flex\">\n<figure class=\"wp-block-image size-large\"><a href=\"https:\/\/www.oke.krakow.pl\/inf\/\"><img loading=\"lazy\" decoding=\"async\" width=\"1000\" height=\"342\" data-id=\"3245\" src=\"https:\/\/soswmyslenice.edu.pl\/new\/wp-content\/uploads\/2024\/04\/images-1.jpg\" alt=\"logo OKE, z lewej strony granatowy skr\u00f3t OKE z odwr\u00f3conym E, po prawej stronie granatowy napis Okr\u0119gowa Komisja Egzaminacyjna w Krakowie\" class=\"wp-image-3245\" srcset=\"https:\/\/soswmyslenice.edu.pl\/new\/wp-content\/uploads\/2024\/04\/images-1.jpg 1000w, https:\/\/soswmyslenice.edu.pl\/new\/wp-content\/uploads\/2024\/04\/images-1-300x103.jpg 300w, https:\/\/soswmyslenice.edu.pl\/new\/wp-content\/uploads\/2024\/04\/images-1-768x263.jpg 768w\" sizes=\"auto, (max-width: 1000px) 100vw, 1000px\" \/><\/a><\/figure>\n<\/figure>\n<\/div>\n\n\n\n<div class=\"wp-block-column is-layout-flow wp-block-column-is-layout-flow\"><\/div>\n<\/div>\n<\/div><\/div>\n\n\n\n<p><\/p>\n","protected":false},"excerpt":{"rendered":"<p>Specjalny O\u015brodek Szkolno-Wychowawczy w My\u015blenicach &#8222;Ka\u017cdy cz\u0142owiek ma prawo do szcz\u0119\u015bcia&#8221; &nbsp; M.&nbsp;Grzegorzewska Nowoczesna, bezpieczna, przyjazna szko\u0142a ze specjalistyczn\u0105 kadr\u0105 pedagogiczn\u0105, zapewniaj\u0105ca&nbsp;wszechstronny rozw\u00f3j niepe\u0142nosprawnych uczni\u00f3w.<\/p>\n","protected":false},"author":3,"featured_media":0,"parent":0,"menu_order":0,"comment_status":"closed","ping_status":"closed","template":"","meta":{"footnotes":""},"class_list":["post-5","page","type-page","status-publish","hentry"],"_links":{"self":[{"href":"https:\/\/soswmyslenice.edu.pl\/new\/index.php\/wp-json\/wp\/v2\/pages\/5","targetHints":{"allow":["GET"]}}],"collection":[{"href":"https:\/\/soswmyslenice.edu.pl\/new\/index.php\/wp-json\/wp\/v2\/pages"}],"about":[{"href":"https:\/\/soswmyslenice.edu.pl\/new\/index.php\/wp-json\/wp\/v2\/types\/page"}],"author":[{"embeddable":true,"href":"https:\/\/soswmyslenice.edu.pl\/new\/index.php\/wp-json\/wp\/v2\/users\/3"}],"replies":[{"embeddable":true,"href":"https:\/\/soswmyslenice.edu.pl\/new\/index.php\/wp-json\/wp\/v2\/comments?post=5"}],"version-history":[{"count":61,"href":"https:\/\/soswmyslenice.edu.pl\/new\/index.php\/wp-json\/wp\/v2\/pages\/5\/revisions"}],"predecessor-version":[{"id":3727,"href":"https:\/\/soswmyslenice.edu.pl\/new\/index.php\/wp-json\/wp\/v2\/pages\/5\/revisions\/3727"}],"wp:attachment":[{"href":"https:\/\/soswmyslenice.edu.pl\/new\/index.php\/wp-json\/wp\/v2\/media?parent=5"}],"curies":[{"name":"wp","href":"https:\/\/api.w.org\/{rel}","templated":true}]}}

Strona główna

<h1 class="has-text-align-center wp-block-heading" id="content">Specjalny Ośrodek Szkolno-Wychowawczy <br>w Myślenicach</h1>



<div class="wp-block-columns is-layout-flex wp-container-core-columns-is-layout-9d6595d7 wp-block-columns-is-layout-flex">
<div class="wp-block-column is-layout-flow wp-block-column-is-layout-flow"></div>



<div class="wp-block-column is-vertically-aligned-top is-layout-flow wp-block-column-is-layout-flow">
<div class="wp-block-image"><figure class="alignright size-large is-resized"><img loading="lazy" decoding="async" src="https://soswmyslenice.edu.pl/new/wp-content/uploads/2020/11/minatura-instytucja.png" alt="Napis Instytucja województwa małopolskiego, czarne litery" class="wp-image-1913" width="168" height="66" srcset="https://soswmyslenice.edu.pl/new/wp-content/uploads/2020/11/minatura-instytucja.png 675w, https://soswmyslenice.edu.pl/new/wp-content/uploads/2020/11/minatura-instytucja-300x120.png 300w" sizes="auto, (max-width: 168px) 100vw, 168px" /></figure></div>
</div>
</div>



<blockquote class="wp-block-quote has-text-align-left is-layout-flow wp-block-quote-is-layout-flow"><p>&#8222;<em>Każdy człowiek ma prawo do szczęścia&#8221; &nbsp;</em></p><cite><em>M.&nbsp;Grzegorzewska</em></cite></blockquote>



<div class="wp-block-image"><figure class="aligncenter size-large is-resized"><img loading="lazy" decoding="async" src="https://soswmyslenice.edu.pl/new/wp-content/uploads/2024/10/SOSW_LOGO1c-917x1024.png" alt="Na dole dwie otwarte dłonie z których wyrasta drzewo z kolorowymi liśćmi. Pod drzewem stoją dzieci w kolorowych koszulkach, jedno z nich po lewej jest na wózku inwalidzkim. Nad drzewem jest niebieski napis Specjalny Ośrodek Szkolno Wyhcowawczy, a pod dłoniamia jest napis w Myślenicach. Obrazek ma formę koła." class="wp-image-3722" width="575" height="643" srcset="https://soswmyslenice.edu.pl/new/wp-content/uploads/2024/10/SOSW_LOGO1c-917x1024.png 917w, https://soswmyslenice.edu.pl/new/wp-content/uploads/2024/10/SOSW_LOGO1c-269x300.png 269w, https://soswmyslenice.edu.pl/new/wp-content/uploads/2024/10/SOSW_LOGO1c-768x857.png 768w, https://soswmyslenice.edu.pl/new/wp-content/uploads/2024/10/SOSW_LOGO1c.png 1325w" sizes="auto, (max-width: 575px) 100vw, 575px" /></figure></div>



<figure class="wp-block-pullquote"><blockquote><p><em>Nowoczesna, bezpieczna, przyjazna szkoła ze specjalistyczną kadrą pedagogiczną, zapewniająca&nbsp;wszechstronny rozwój niepełnosprawnych uczniów.</em></p></blockquote></figure>



<div class="wp-block-columns is-layout-flex wp-container-core-columns-is-layout-9d6595d7 wp-block-columns-is-layout-flex">
<div class="wp-block-column is-layout-flow wp-block-column-is-layout-flow">
<div class="wp-block-image"><figure class="aligncenter size-large is-resized"><a href="https://kuratorium.krakow.pl/"><img loading="lazy" decoding="async" src="https://soswmyslenice.edu.pl/new/wp-content/uploads/2021/04/kuratorium_logo-1008x1024.jpg" alt="biało-czarna jaskółka na  tle niebieskiej elipsy" class="wp-image-2136" width="117" height="119" srcset="https://soswmyslenice.edu.pl/new/wp-content/uploads/2021/04/kuratorium_logo-1008x1024.jpg 1008w, https://soswmyslenice.edu.pl/new/wp-content/uploads/2021/04/kuratorium_logo-295x300.jpg 295w, https://soswmyslenice.edu.pl/new/wp-content/uploads/2021/04/kuratorium_logo-768x780.jpg 768w, https://soswmyslenice.edu.pl/new/wp-content/uploads/2021/04/kuratorium_logo-1512x1536.jpg 1512w, https://soswmyslenice.edu.pl/new/wp-content/uploads/2021/04/kuratorium_logo.jpg 1685w" sizes="auto, (max-width: 117px) 100vw, 117px" /></a></figure></div>
</div>



<div class="wp-block-column is-layout-flow wp-block-column-is-layout-flow">
<div class="wp-block-image"><figure class="aligncenter size-large is-resized"><a href="https://bip.malopolska.pl/sosmyslenicach"><img loading="lazy" decoding="async" src="https://soswmyslenice.edu.pl/new/wp-content/uploads/2020/10/ava1-1024x364.jpg" alt="logo BIP, po lewej flaga biało czerwona z napisem bip, obok u góry napis czarny biuletyn informacji publicznej" class="wp-image-1815" width="153" height="54" srcset="https://soswmyslenice.edu.pl/new/wp-content/uploads/2020/10/ava1-1024x364.jpg 1024w, https://soswmyslenice.edu.pl/new/wp-content/uploads/2020/10/ava1-300x107.jpg 300w, https://soswmyslenice.edu.pl/new/wp-content/uploads/2020/10/ava1-768x273.jpg 768w, https://soswmyslenice.edu.pl/new/wp-content/uploads/2020/10/ava1.jpg 1095w" sizes="auto, (max-width: 153px) 100vw, 153px" /></a></figure></div>
</div>



<div class="wp-block-column is-layout-flow wp-block-column-is-layout-flow">
<div class="wp-block-image"><figure class="aligncenter size-large is-resized"><a href="https://www.facebook.com/SOSWMYSLENICE/"><img loading="lazy" decoding="async" src="https://soswmyslenice.edu.pl/new/wp-content/uploads/2020/03/polskie-polubienia-na-fanpage-facebook.png" alt="niebieska dłoń z kciukiem do góry, logo Facebook" class="wp-image-1689" width="94" height="94" srcset="https://soswmyslenice.edu.pl/new/wp-content/uploads/2020/03/polskie-polubienia-na-fanpage-facebook.png 250w, https://soswmyslenice.edu.pl/new/wp-content/uploads/2020/03/polskie-polubienia-na-fanpage-facebook-150x150.png 150w" sizes="auto, (max-width: 94px) 100vw, 94px" /></a></figure></div>
</div>
</div>



<div class="wp-block-group"><div class="wp-block-group__inner-container is-layout-flow wp-block-group-is-layout-flow">
<div class="wp-block-columns is-layout-flex wp-container-core-columns-is-layout-9d6595d7 wp-block-columns-is-layout-flex">
<div class="wp-block-column is-layout-flow wp-block-column-is-layout-flow">
<figure class="wp-block-gallery has-nested-images columns-default is-cropped wp-block-gallery-1 is-layout-flex wp-block-gallery-is-layout-flex">
<figure class="wp-block-image size-large"><a href="https://www.oke.krakow.pl/inf/"><img loading="lazy" decoding="async" width="1000" height="342" data-id="3245" src="https://soswmyslenice.edu.pl/new/wp-content/uploads/2024/04/images-1.jpg" alt="logo OKE, z lewej strony granatowy skrót OKE z odwróconym E, po prawej stronie granatowy napis Okręgowa Komisja Egzaminacyjna w Krakowie" class="wp-image-3245" srcset="https://soswmyslenice.edu.pl/new/wp-content/uploads/2024/04/images-1.jpg 1000w, https://soswmyslenice.edu.pl/new/wp-content/uploads/2024/04/images-1-300x103.jpg 300w, https://soswmyslenice.edu.pl/new/wp-content/uploads/2024/04/images-1-768x263.jpg 768w" sizes="auto, (max-width: 1000px) 100vw, 1000px" /></a></figure>
</figure>
</div>



<div class="wp-block-column is-layout-flow wp-block-column-is-layout-flow"></div>
</div>
</div></div>



<p></p>

<p>Specjalny Ośrodek Szkolno-Wychowawczy w Myślenicach &#8222;Każdy człowiek ma prawo do szczęścia&#8221; &nbsp; M.&nbsp;Grzegorzewska Nowoczesna, bezpieczna, przyjazna szkoła ze specjalistyczną kadrą pedagogiczną, zapewniająca&nbsp;wszechstronny rozwój niepełnosprawnych uczniów.</p>
