{"id":61,"date":"2018-11-17T11:01:21","date_gmt":"2018-11-17T10:01:21","guid":{"rendered":"http:\/\/soswmyslenice.edu.pl\/new\/?page_id=61"},"modified":"2021-03-15T13:46:37","modified_gmt":"2021-03-15T12:46:37","slug":"klauzula-informacyjna","status":"publish","type":"page","link":"https:\/\/soswmyslenice.edu.pl\/new\/index.php\/dokumenty-szkolne\/klauzula-informacyjna\/","title":{"rendered":"Klauzula informacyjna &#8211; RODO"},"content":{"rendered":"\n<h1 class=\"has-text-align-center wp-block-heading\">Klauzula informacyjna <br>dla rodzic\u00f3w\/prawnych opiekun\u00f3w i uczni\u00f3w<\/h1>\n\n\n\n<h1 class=\"has-text-align-center wp-block-heading\">Specjalnego O\u015brodka Szkolno &#8211; Wychowawczego w My\u015blenicach. <br><\/h1>\n\n\n\n<p>W zwi\u0105zku z art. 13 ust. 1 i ust. 2 Rozporz\u0105dzenia Parlamentu Europejskiego i Rady (UE) 2016\/679 z 27 kwietnia 2016 r. w sprawie ochrony os\u00f3b fizycznych w zwi\u0105zku z przetwarzaniem danych osobowych i w sprawie swobodnego przep\u0142ywu takich danych oraz uchylenia dyrektywy 95\/46\/WE (og\u00f3lne rozporz\u0105dzenie o ochronie danych) (Dz. Urz. UE L z 04.05.2016 r., Nr 119, s. 1) informujemy, i\u017c:<\/p>\n\n\n\n<hr class=\"wp-block-separator\"\/>\n\n\n\n<h4 class=\"wp-block-heading\">Administrator danych:<\/h4>\n\n\n\n<p>Administratorem Pani\/Pana danych osobowych oraz danych osobowych Pani\/Pana dziecka jest: Specjalny O\u015brodek Szkolno- Wychowawczy w My\u015blenicach, ul. 3-go Maja 97b, 32-400 My\u015blenice. <\/p>\n\n\n\n<hr class=\"wp-block-separator\"\/>\n\n\n\n<h4 class=\"wp-block-heading\">Inspektor ochrony danych:<\/h4>\n\n\n\n<p>Administrator wyznaczy\u0142 Inspektora Ochrony Danych <strong>Pana Piotra Karcza<\/strong>, z kt\u00f3rym mo\u017ce si\u0119 Pani\/Pan skontaktowa\u0107 w sprawach zwi\u0105zanych z ochron\u0105 danych osobowych, w nast\u0119puj\u0105cy spos\u00f3b:<\/p>\n\n\n\n<ul class=\"wp-block-list\"><li>adres poczty elektronicznej: <strong>piotrmariusz.karcz@gmail.com<\/strong><\/li><li>pisemnie na adres siedziby Administratora<\/li><\/ul>\n\n\n\n<hr class=\"wp-block-separator\"\/>\n\n\n\n<h4 class=\"wp-block-heading\">Cele przetwarzania danych osobowych i podstawa prawna:<\/h4>\n\n\n\n<ol class=\"wp-block-list\"><li>Pani\/Pana dane osobowe oraz dane osobowe Pani\/Pana dziecka przetwarzane s\u0105 na podstawie art. 6 ust. 1 lit. a), c) oraz f) RODO w celu realizacji przez Administratora zada\u0144 publicznych, wynikaj\u0105cych wprost z przepis\u00f3w prawa lub okre\u015blonych zadaniami statutowymi Administratora.<\/li><li>Przetwarzanie mo\u017ce by\u0107 r\u00f3wnie\u017c niezb\u0119dne w celu wykonania umowy, kt\u00f3rej Pan\/Pani jest stron\u0105 lub do podj\u0119cia dzia\u0142a\u0144, na Pani\/Pana \u017c\u0105danie, przed zawarciem umowy.<\/li><li>Mog\u0105 r\u00f3wnie\u017c wyst\u0105pi\u0107 przypadki w kt\u00f3rych zostanie Pan\/Pani poproszony\/a o wyra\u017cenie zgody na przetwarzanie danych osobowych dziecka w okre\u015blonym celu i zakresie.<\/li><li>Podstaw\u0105 prawn\u0105 przetwarzania Pana\/Pani danych osobowych oraz danych osobowych Pani\/Pana dziecka w szczeg\u00f3lno\u015bci s\u0105:<\/li><\/ol>\n\n\n\n<ul class=\"wp-block-list\"><li>ustawa z dnia 14 grudnia 2016 r. \u2013 Prawo o\u015bwiatowe (Dz. U z 2017 r. poz. 59 z p\u00f3\u017an. zm.)<\/li><\/ul>\n\n\n\n<ul class=\"wp-block-list\"><li>ustawa z dnia 15 kwietnia 2011 r. o systemie informacji o\u015bwiatowej&nbsp;(tekst jednolity: Dz. U. z 2017 r., poz.2159 z p\u00f3\u017an. zm.)<\/li><\/ul>\n\n\n\n<ul class=\"wp-block-list\"><li>Rozporz\u0105dzenie Ministra Edukacji Narodowej z dnia 25 sierpnia 2017 r. w sprawie sposobu prowadzenia przez publiczne przedszkola, szko\u0142y i plac\u00f3wki dokumentacji przebiegu nauczania, dzia\u0142alno\u015bci wychowawczej i opieku\u0144czej oraz rodzaj\u00f3w tej dokumentacji (Dz. U. z 2017 r., poz. 1646).<\/li><\/ul>\n\n\n\n<hr class=\"wp-block-separator\"\/>\n\n\n\n<h4 class=\"wp-block-heading\">Odbiorcy danych osobowych:<\/h4>\n\n\n\n<p>Odbiorcami Pani\/Pana danych oraz danych Pani\/Pana dziecka b\u0119d\u0105 tylko instytucje upowa\u017cnione z mocy prawa.<\/p>\n\n\n\n<hr class=\"wp-block-separator\"\/>\n\n\n\n<h4 class=\"wp-block-heading\">Okres przechowywania danych osobowych: <\/h4>\n\n\n\n<p>Dane osobowe przetwarzane przez Administratora przechowywane b\u0119d\u0105 przez okres niezb\u0119dny do realizacji celu dla jakiego zosta\u0142y zebrane oraz zgodnie z terminami archiwizacji okre\u015blonymi przez ustawy kompetencyjne lub ustaw\u0119 z dnia 14 lipca 1983 r. o narodowym zasobie archiwalnym i archiwach (Dz. U. z 2018 r., poz. 217), oraz Rozporz\u0105dzenie Prezesa Rady Ministr\u00f3w z dnia 18 stycznia 2011 r. w sprawie instrukcji kancelaryjnej, jednolitych rzeczowych wykaz\u00f3w akt oraz instrukcji w sprawie organizacji i zakresu dzia\u0142ania archiw\u00f3w zak\u0142adowych. Oznacza to, \u017ce dane osobowe mog\u0105 zosta\u0107 usuni\u0119te po up\u0142ywie okre\u015blonego dla danej kategorii dokumentacji okresu przechowywania, zale\u017cnie od kategorii archiwalnej danej sprawy.<\/p>\n\n\n\n<hr class=\"wp-block-separator\"\/>\n\n\n\n<h4 class=\"wp-block-heading\">Prawa os\u00f3b, kt\u00f3rych dane dotycz\u0105 dost\u0119pu do danych osobowych:<\/h4>\n\n\n\n<p>Na zasadach okre\u015blonych przepisami RODO, posiada Pani\/Pan prawo do \u017c\u0105dania od Administratora:<\/p>\n\n\n\n<ol class=\"wp-block-list\"><li>dost\u0119pu do tre\u015bci swoich danych osobowych oraz danych osobowych Pani\/Pana dziecka,<\/li><li>sprostowania (poprawiania) swoich danych osobowych oraz danych Pani\/Pana dziecka,<\/li><li>usuni\u0119cia swoich danych osobowych oraz danych Pani\/Pana dziecka<\/li><li>ograniczenia przetwarzania swoich danych osobowych oraz danych Pani\/Pana dziecka,<\/li><li>przenoszenia swoich danych osobowych oraz danych Pani\/Pana dziecka,<\/li><li>prawo do wniesienia sprzeciwu wobec przetwarzania Pani\/Pana danych oraz danych Pani\/Pana dziecka.<\/li><\/ol>\n\n\n\n<hr class=\"wp-block-separator\"\/>\n\n\n\n<h4 class=\"wp-block-heading\">Prawo do cofni\u0119cia zgody<\/h4>\n\n\n\n<hr class=\"wp-block-separator\"\/>\n\n\n\n<h4 class=\"wp-block-heading\">Prawo wniesienia skargi do organu nadzorczego: <\/h4>\n\n\n\n<p>Gdy uzna Pani\/Pan, i\u017c przetwarzanie Pani\/Pana danych osobowych oraz danych osobowych Pani\/Pana dziecka narusza przepisy o ochronie danych osobowych, przys\u0142uguje Pani\/Panu prawo do wniesienia skargi do organu nadzorczego, kt\u00f3rym jest Prezes Urz\u0119du Ochrony Danych Osobowych.<\/p>\n\n\n\n<hr class=\"wp-block-separator\"\/>\n\n\n\n<h4 class=\"wp-block-heading\">Informacja o wymogu podania danych oraz konsekwencja niepodania danych osobowych: <\/h4>\n\n\n\n<p>1. Podanie przez Pani\u0105\/Pana danych osobowych oraz danych osobowych Pani\/Pana dziecka mo\u017ce by\u0107 wymogiem:<\/p>\n\n\n\n<ul class=\"wp-block-list\"><li>ustawowym,<\/li><li>umownym<\/li><li>warunkiem zawarcia umowy, do kt\u00f3rych podania b\u0119dzie Pani\/Pan zobowi\u0105zana\/y.<\/li><\/ul>\n\n\n\n<p>2. W przypadku, gdy b\u0119dzie istnia\u0142 obowi\u0105zek ustawowy, a nie poda Pani\/Pan swoich danych, Administrator nie b\u0119dzie m\u00f3g\u0142 zrealizowa\u0107 zadania ustawowego, co mo\u017ce skutkowa\u0107 brakiem mo\u017cliwo\u015bci realizacji celu lub konsekwencjami przewidzianymi przepisami prawa.<\/p>\n\n\n\n<p>3. W przypadku, kiedy podanie danych b\u0119dzie warunkiem zawarcia umowy, a nie poda Pani\/Pan swoich danych, Administrator nie b\u0119dzie m\u00f3g\u0142 zawrze\u0107 takiej umowy.<\/p>\n\n\n\n<hr class=\"wp-block-separator\"\/>\n\n\n\n<h4 class=\"wp-block-heading\">Zautomatyzowane podejmowanie decyzji, profilowanie: <\/h4>\n\n\n\n<p>Pani\/Pana dane osobowe nie b\u0119d\u0105 przetwarzane w spos\u00f3b zautomatyzowany i nie b\u0119d\u0105 profilowane.<\/p>\n\n\n\n<hr class=\"wp-block-separator\"\/>\n\n\n\n<h4 class=\"wp-block-heading\">Przekazywanie danych do pa\u0144stw trzecich\/organizacji mi\u0119dzynarodowych: <\/h4>\n\n\n\n<p>Administrator nie zamierza przekazywa\u0107 danych odbiorcom do pa\u0144stwa trzeciego lub organizacji mi\u0119dzynarodowej.<\/p>\n\n\n\n<hr class=\"wp-block-separator\"\/>\n\n\n\n<div class=\"wp-block-file\"><a href=\"https:\/\/soswmyslenice.edu.pl\/new\/wp-content\/uploads\/2021\/02\/Procedura-realizacji-praw-osob-ktorych-dane-dotycza-w-SOSW-w-Myslenicach.docx\">Procedura realizacji praw os\u00f3b kt\u00f3rych dane dotycz\u0105 w SOSW w My\u015blenicach<\/a><a href=\"https:\/\/soswmyslenice.edu.pl\/new\/wp-content\/uploads\/2021\/02\/Procedura-realizacji-praw-osob-ktorych-dane-dotycza-w-SOSW-w-Myslenicach.docx\" class=\"wp-block-file__button\" download>Pobierz<\/a><\/div>\n","protected":false},"excerpt":{"rendered":"<p>Klauzula informacyjna dla rodzic\u00f3w\/prawnych opiekun\u00f3w i uczni\u00f3w Specjalnego O\u015brodka Szkolno &#8211; Wychowawczego w My\u015blenicach. W zwi\u0105zku z art. 13 ust. 1 i ust. 2 Rozporz\u0105dzenia&hellip;<\/p>\n","protected":false},"author":2,"featured_media":0,"parent":59,"menu_order":0,"comment_status":"closed","ping_status":"closed","template":"","meta":{"footnotes":""},"class_list":["post-61","page","type-page","status-publish","hentry"],"_links":{"self":[{"href":"https:\/\/soswmyslenice.edu.pl\/new\/index.php\/wp-json\/wp\/v2\/pages\/61","targetHints":{"allow":["GET"]}}],"collection":[{"href":"https:\/\/soswmyslenice.edu.pl\/new\/index.php\/wp-json\/wp\/v2\/pages"}],"about":[{"href":"https:\/\/soswmyslenice.edu.pl\/new\/index.php\/wp-json\/wp\/v2\/types\/page"}],"author":[{"embeddable":true,"href":"https:\/\/soswmyslenice.edu.pl\/new\/index.php\/wp-json\/wp\/v2\/users\/2"}],"replies":[{"embeddable":true,"href":"https:\/\/soswmyslenice.edu.pl\/new\/index.php\/wp-json\/wp\/v2\/comments?post=61"}],"version-history":[{"count":13,"href":"https:\/\/soswmyslenice.edu.pl\/new\/index.php\/wp-json\/wp\/v2\/pages\/61\/revisions"}],"predecessor-version":[{"id":2109,"href":"https:\/\/soswmyslenice.edu.pl\/new\/index.php\/wp-json\/wp\/v2\/pages\/61\/revisions\/2109"}],"up":[{"embeddable":true,"href":"https:\/\/soswmyslenice.edu.pl\/new\/index.php\/wp-json\/wp\/v2\/pages\/59"}],"wp:attachment":[{"href":"https:\/\/soswmyslenice.edu.pl\/new\/index.php\/wp-json\/wp\/v2\/media?parent=61"}],"curies":[{"name":"wp","href":"https:\/\/api.w.org\/{rel}","templated":true}]}}

<h1 class="has-text-align-center wp-block-heading">Klauzula informacyjna <br>dla rodziców/prawnych opiekunów i uczniów</h1>



<h1 class="has-text-align-center wp-block-heading">Specjalnego Ośrodka Szkolno &#8211; Wychowawczego w Myślenicach. <br></h1>



<p>W związku z art. 13 ust. 1 i ust. 2 Rozporządzenia Parlamentu Europejskiego i Rady (UE) 2016/679 z 27 kwietnia 2016 r. w sprawie ochrony osób fizycznych w związku z przetwarzaniem danych osobowych i w sprawie swobodnego przepływu takich danych oraz uchylenia dyrektywy 95/46/WE (ogólne rozporządzenie o ochronie danych) (Dz. Urz. UE L z 04.05.2016 r., Nr 119, s. 1) informujemy, iż:</p>



<hr class="wp-block-separator"/>



<h4 class="wp-block-heading">Administrator danych:</h4>



<p>Administratorem Pani/Pana danych osobowych oraz danych osobowych Pani/Pana dziecka jest: Specjalny Ośrodek Szkolno- Wychowawczy w Myślenicach, ul. 3-go Maja 97b, 32-400 Myślenice. </p>



<hr class="wp-block-separator"/>



<h4 class="wp-block-heading">Inspektor ochrony danych:</h4>



<p>Administrator wyznaczył Inspektora Ochrony Danych <strong>Pana Piotra Karcza</strong>, z którym może się Pani/Pan skontaktować w sprawach związanych z ochroną danych osobowych, w następujący sposób:</p>



<ul class="wp-block-list"><li>adres poczty elektronicznej: <strong>piotrmariusz.karcz@gmail.com</strong></li><li>pisemnie na adres siedziby Administratora</li></ul>



<hr class="wp-block-separator"/>



<h4 class="wp-block-heading">Cele przetwarzania danych osobowych i podstawa prawna:</h4>



<ol class="wp-block-list"><li>Pani/Pana dane osobowe oraz dane osobowe Pani/Pana dziecka przetwarzane są na podstawie art. 6 ust. 1 lit. a), c) oraz f) RODO w celu realizacji przez Administratora zadań publicznych, wynikających wprost z przepisów prawa lub określonych zadaniami statutowymi Administratora.</li><li>Przetwarzanie może być również niezbędne w celu wykonania umowy, której Pan/Pani jest stroną lub do podjęcia działań, na Pani/Pana żądanie, przed zawarciem umowy.</li><li>Mogą również wystąpić przypadki w których zostanie Pan/Pani poproszony/a o wyrażenie zgody na przetwarzanie danych osobowych dziecka w określonym celu i zakresie.</li><li>Podstawą prawną przetwarzania Pana/Pani danych osobowych oraz danych osobowych Pani/Pana dziecka w szczególności są:</li></ol>



<ul class="wp-block-list"><li>ustawa z dnia 14 grudnia 2016 r. – Prawo oświatowe (Dz. U z 2017 r. poz. 59 z późn. zm.)</li></ul>



<ul class="wp-block-list"><li>ustawa z dnia 15 kwietnia 2011 r. o systemie informacji oświatowej&nbsp;(tekst jednolity: Dz. U. z 2017 r., poz.2159 z późn. zm.)</li></ul>



<ul class="wp-block-list"><li>Rozporządzenie Ministra Edukacji Narodowej z dnia 25 sierpnia 2017 r. w sprawie sposobu prowadzenia przez publiczne przedszkola, szkoły i placówki dokumentacji przebiegu nauczania, działalności wychowawczej i opiekuńczej oraz rodzajów tej dokumentacji (Dz. U. z 2017 r., poz. 1646).</li></ul>



<hr class="wp-block-separator"/>



<h4 class="wp-block-heading">Odbiorcy danych osobowych:</h4>



<p>Odbiorcami Pani/Pana danych oraz danych Pani/Pana dziecka będą tylko instytucje upoważnione z mocy prawa.</p>



<hr class="wp-block-separator"/>



<h4 class="wp-block-heading">Okres przechowywania danych osobowych: </h4>



<p>Dane osobowe przetwarzane przez Administratora przechowywane będą przez okres niezbędny do realizacji celu dla jakiego zostały zebrane oraz zgodnie z terminami archiwizacji określonymi przez ustawy kompetencyjne lub ustawę z dnia 14 lipca 1983 r. o narodowym zasobie archiwalnym i archiwach (Dz. U. z 2018 r., poz. 217), oraz Rozporządzenie Prezesa Rady Ministrów z dnia 18 stycznia 2011 r. w sprawie instrukcji kancelaryjnej, jednolitych rzeczowych wykazów akt oraz instrukcji w sprawie organizacji i zakresu działania archiwów zakładowych. Oznacza to, że dane osobowe mogą zostać usunięte po upływie określonego dla danej kategorii dokumentacji okresu przechowywania, zależnie od kategorii archiwalnej danej sprawy.</p>



<hr class="wp-block-separator"/>



<h4 class="wp-block-heading">Prawa osób, których dane dotyczą dostępu do danych osobowych:</h4>



<p>Na zasadach określonych przepisami RODO, posiada Pani/Pan prawo do żądania od Administratora:</p>



<ol class="wp-block-list"><li>dostępu do treści swoich danych osobowych oraz danych osobowych Pani/Pana dziecka,</li><li>sprostowania (poprawiania) swoich danych osobowych oraz danych Pani/Pana dziecka,</li><li>usunięcia swoich danych osobowych oraz danych Pani/Pana dziecka</li><li>ograniczenia przetwarzania swoich danych osobowych oraz danych Pani/Pana dziecka,</li><li>przenoszenia swoich danych osobowych oraz danych Pani/Pana dziecka,</li><li>prawo do wniesienia sprzeciwu wobec przetwarzania Pani/Pana danych oraz danych Pani/Pana dziecka.</li></ol>



<hr class="wp-block-separator"/>



<h4 class="wp-block-heading">Prawo do cofnięcia zgody</h4>



<hr class="wp-block-separator"/>



<h4 class="wp-block-heading">Prawo wniesienia skargi do organu nadzorczego: </h4>



<p>Gdy uzna Pani/Pan, iż przetwarzanie Pani/Pana danych osobowych oraz danych osobowych Pani/Pana dziecka narusza przepisy o ochronie danych osobowych, przysługuje Pani/Panu prawo do wniesienia skargi do organu nadzorczego, którym jest Prezes Urzędu Ochrony Danych Osobowych.</p>



<hr class="wp-block-separator"/>



<h4 class="wp-block-heading">Informacja o wymogu podania danych oraz konsekwencja niepodania danych osobowych: </h4>



<p>1. Podanie przez Panią/Pana danych osobowych oraz danych osobowych Pani/Pana dziecka może być wymogiem:</p>



<ul class="wp-block-list"><li>ustawowym,</li><li>umownym</li><li>warunkiem zawarcia umowy, do których podania będzie Pani/Pan zobowiązana/y.</li></ul>



<p>2. W przypadku, gdy będzie istniał obowiązek ustawowy, a nie poda Pani/Pan swoich danych, Administrator nie będzie mógł zrealizować zadania ustawowego, co może skutkować brakiem możliwości realizacji celu lub konsekwencjami przewidzianymi przepisami prawa.</p>



<p>3. W przypadku, kiedy podanie danych będzie warunkiem zawarcia umowy, a nie poda Pani/Pan swoich danych, Administrator nie będzie mógł zawrzeć takiej umowy.</p>



<hr class="wp-block-separator"/>



<h4 class="wp-block-heading">Zautomatyzowane podejmowanie decyzji, profilowanie: </h4>



<p>Pani/Pana dane osobowe nie będą przetwarzane w sposób zautomatyzowany i nie będą profilowane.</p>



<hr class="wp-block-separator"/>



<h4 class="wp-block-heading">Przekazywanie danych do państw trzecich/organizacji międzynarodowych: </h4>



<p>Administrator nie zamierza przekazywać danych odbiorcom do państwa trzeciego lub organizacji międzynarodowej.</p>



<hr class="wp-block-separator"/>



<div class="wp-block-file"><a href="https://soswmyslenice.edu.pl/new/wp-content/uploads/2021/02/Procedura-realizacji-praw-osob-ktorych-dane-dotycza-w-SOSW-w-Myslenicach.docx">Procedura realizacji praw osób których dane dotyczą w SOSW w Myślenicach</a><a href="https://soswmyslenice.edu.pl/new/wp-content/uploads/2021/02/Procedura-realizacji-praw-osob-ktorych-dane-dotycza-w-SOSW-w-Myslenicach.docx" class="wp-block-file__button" download>Pobierz</a></div>

<p>Klauzula informacyjna dla rodziców/prawnych opiekunów i uczniów Specjalnego Ośrodka Szkolno &#8211; Wychowawczego w Myślenicach. W związku z art. 13 ust. 1 i ust. 2 Rozporządzenia&hellip;</p>
